Last updated on 2024-06-16 13:53:39 CEST.
Flavor | Version | Tinstall | Tcheck | Ttotal | Status | Flags |
---|---|---|---|---|---|---|
r-devel-linux-x86_64-debian-clang | 0.0.15 | 12.96 | 86.18 | 99.14 | OK | --no-tests |
r-devel-linux-x86_64-debian-gcc | 0.0.15 | 11.07 | 63.19 | 74.26 | OK | --no-tests |
r-devel-linux-x86_64-fedora-clang | 0.0.15 | 131.94 | OK | |||
r-devel-linux-x86_64-fedora-gcc | 0.0.15 | 123.10 | OK | |||
r-devel-windows-x86_64 | 0.0.15 | 14.00 | 70.00 | 84.00 | OK | --no-examples --no-tests --no-vignettes |
r-patched-linux-x86_64 | 0.0.15 | 12.91 | 81.19 | 94.10 | OK | --no-tests |
r-release-linux-x86_64 | 0.0.15 | 11.74 | 83.76 | 95.50 | OK | --no-tests |
r-release-macos-arm64 | 0.0.15 | 47.00 | OK | |||
r-release-macos-x86_64 | 0.0.15 | 75.00 | OK | |||
r-release-windows-x86_64 | 0.0.15 | 1.00 | 6.00 | 7.00 | ERROR | --no-examples --no-tests --no-vignettes |
r-oldrel-macos-arm64 | 0.0.15 | 45.00 | OK | |||
r-oldrel-macos-x86_64 | 0.0.15 | 81.00 | OK | |||
r-oldrel-windows-x86_64 | 0.0.15 | 16.00 | 62.00 | 78.00 | OK | --no-examples --no-tests --no-vignettes |
Version: 0.0.15
Flags: --no-examples --no-tests --no-vignettes
Check: whether package can be installed
Result: ERROR
Installation failed.
Flavor: r-release-windows-x86_64