Last updated on 2024-06-10 10:58:50 CEST.
Flavor | Version | Tinstall | Tcheck | Ttotal | Status | Flags |
---|---|---|---|---|---|---|
r-devel-linux-x86_64-debian-clang | 2.0.0 | 124.07 | 285.08 | 409.15 | OK | |
r-devel-linux-x86_64-debian-gcc | 2.0.0 | 392.96 | 202.58 | 595.54 | OK | |
r-devel-linux-x86_64-fedora-clang | 2.0.0 | 536.69 | OK | |||
r-devel-linux-x86_64-fedora-gcc | 2.0.0 | 624.08 | OK | |||
r-devel-windows-x86_64 | 2.0.0 | 243.00 | 209.00 | 452.00 | OK | |
r-patched-linux-x86_64 | 2.0.0 | 413.22 | 272.68 | 685.90 | OK | |
r-release-linux-x86_64 | 2.0.0 | 398.68 | 267.81 | 666.49 | OK | |
r-release-macos-arm64 | 2.0.0 | 170.00 | NOTE | |||
r-release-macos-x86_64 | 2.0.0 | 206.00 | NOTE | |||
r-release-windows-x86_64 | 2.0.0 | 247.00 | 211.00 | 458.00 | OK | |
r-oldrel-macos-arm64 | 2.0.0 | 183.00 | NOTE | |||
r-oldrel-macos-x86_64 | 2.0.0 | 340.00 | NOTE | |||
r-oldrel-windows-x86_64 | 2.0.0 | 322.00 | 289.00 | 611.00 | OK |
Version: 2.0.0
Check: installed package size
Result: NOTE
installed size is 5.6Mb
sub-directories of 1Mb or more:
libs 3.8Mb
Flavors: r-release-macos-arm64, r-release-macos-x86_64, r-oldrel-macos-arm64, r-oldrel-macos-x86_64