Last updated on 2024-06-10 10:58:41 CEST.
Flavor | Version | Tinstall | Tcheck | Ttotal | Status | Flags |
---|---|---|---|---|---|---|
r-devel-linux-x86_64-debian-clang | 4.1 | 3.60 | 32.62 | 36.22 | OK | |
r-devel-linux-x86_64-debian-gcc | 4.1 | 2.75 | 24.90 | 27.65 | OK | |
r-devel-linux-x86_64-fedora-clang | 4.1 | 44.65 | NOTE | |||
r-devel-linux-x86_64-fedora-gcc | 4.1 | 42.49 | OK | |||
r-devel-windows-x86_64 | 4.1 | 4.00 | 50.00 | 54.00 | OK | |
r-patched-linux-x86_64 | 4.1 | 3.44 | 30.86 | 34.30 | OK | |
r-release-linux-x86_64 | 4.1 | 3.58 | 30.96 | 34.54 | OK | |
r-release-macos-arm64 | 4.1 | 17.00 | OK | |||
r-release-macos-x86_64 | 4.1 | 32.00 | OK | |||
r-release-windows-x86_64 | 4.1 | 4.00 | 50.00 | 54.00 | OK | |
r-oldrel-macos-arm64 | 4.1 | 21.00 | OK | |||
r-oldrel-macos-x86_64 | 4.1 | 42.00 | OK | |||
r-oldrel-windows-x86_64 | 4.1 | 4.00 | 54.00 | 58.00 | OK |
Version: 4.1
Check: Rd cross-references
Result: NOTE
Undeclared packages ‘bigBits’, ‘dplyr’, ‘matrixStats’, ‘filesstrings’, ‘pracma’, ‘sf’ in Rd xrefs
Flavor: r-devel-linux-x86_64-fedora-clang