Last updated on 2024-06-10 10:58:54 CEST.
Flavor | Version | Tinstall | Tcheck | Ttotal | Status | Flags |
---|---|---|---|---|---|---|
r-devel-linux-x86_64-debian-clang | 0.3.10 | 10.17 | 190.96 | 201.13 | OK | |
r-devel-linux-x86_64-debian-gcc | 0.3.10 | 7.92 | 143.81 | 151.73 | OK | |
r-devel-linux-x86_64-fedora-clang | 0.3.10 | 262.33 | NOTE | |||
r-devel-linux-x86_64-fedora-gcc | 0.3.10 | 252.93 | NOTE | |||
r-devel-windows-x86_64 | 0.3.10 | 11.00 | 140.00 | 151.00 | OK | |
r-patched-linux-x86_64 | 0.3.10 | 12.25 | 185.04 | 197.29 | OK | |
r-release-linux-x86_64 | 0.3.10 | 10.10 | 184.92 | 195.02 | OK | |
r-release-macos-arm64 | 0.3.10 | 61.00 | OK | |||
r-release-macos-x86_64 | 0.3.10 | 113.00 | OK | |||
r-release-windows-x86_64 | 0.3.10 | 11.00 | 140.00 | 151.00 | OK | |
r-oldrel-macos-arm64 | 0.3.10 | 69.00 | OK | |||
r-oldrel-macos-x86_64 | 0.3.10 | 143.00 | OK | |||
r-oldrel-windows-x86_64 | 0.3.10 | 14.00 | 173.00 | 187.00 | OK |
Version: 0.3.10
Check: dependencies in R code
Result: NOTE
Namespace in Imports field not imported from: ‘qpdf’
All declared Imports should be used.
Flavors: r-devel-linux-x86_64-fedora-clang, r-devel-linux-x86_64-fedora-gcc
Version: 0.3.10
Check: Rd cross-references
Result: NOTE
Undeclared packages ‘ggthemes’, ‘DataExplorer’ in Rd xrefs
Flavor: r-devel-linux-x86_64-fedora-clang