Last updated on 2024-06-27 16:49:19 CEST.
Flavor | Version | Tinstall | Tcheck | Ttotal | Status | Flags |
---|---|---|---|---|---|---|
r-devel-linux-x86_64-debian-clang | 1.3.1 | OK | ||||
r-devel-linux-x86_64-debian-gcc | 1.3.1 | 11.46 | 170.30 | 181.76 | OK | |
r-devel-linux-x86_64-fedora-clang | 1.3.1 | 318.84 | NOTE | |||
r-devel-linux-x86_64-fedora-gcc | 1.3.1 | 312.58 | OK | |||
r-devel-windows-x86_64 | 1.3.1 | 15.00 | 206.00 | 221.00 | OK | |
r-patched-linux-x86_64 | 1.3.1 | 17.75 | 225.20 | 242.95 | OK | |
r-release-linux-x86_64 | 1.3.1 | 11.67 | 227.29 | 238.96 | OK | |
r-release-macos-arm64 | 1.3.1 | 88.00 | OK | |||
r-release-macos-x86_64 | 1.3.1 | 157.00 | OK | |||
r-release-windows-x86_64 | 1.3.1 | 15.00 | 206.00 | 221.00 | OK | |
r-oldrel-macos-arm64 | 1.3.1 | 89.00 | OK | |||
r-oldrel-macos-x86_64 | 1.3.1 | 219.00 | OK | |||
r-oldrel-windows-x86_64 | 1.3.1 | 19.00 | 269.00 | 288.00 | OK |
Version: 1.3.1
Check: Rd cross-references
Result: NOTE
Undeclared package ‘parsnip’ in Rd xrefs
Flavor: r-devel-linux-x86_64-fedora-clang