Last updated on 2024-07-13 11:49:31 CEST.
Flavor | Version | Tinstall | Tcheck | Ttotal | Status | Flags |
---|---|---|---|---|---|---|
r-devel-linux-x86_64-debian-clang | 0.14.0 | 18.28 | 97.99 | 116.27 | NOTE | |
r-devel-linux-x86_64-debian-gcc | 0.14.0 | 15.28 | 72.31 | 87.59 | NOTE | |
r-devel-linux-x86_64-fedora-clang | 0.14.0 | 150.22 | NOTE | |||
r-devel-linux-x86_64-fedora-gcc | 0.14.0 | 154.74 | NOTE | |||
r-devel-windows-x86_64 | 0.14.0 | 27.00 | 128.00 | 155.00 | NOTE | |
r-patched-linux-x86_64 | 0.14.0 | 24.17 | 92.24 | 116.41 | OK | |
r-release-linux-x86_64 | 0.14.0 | 18.89 | 93.78 | 112.67 | OK | |
r-release-macos-arm64 | 0.14.0 | 78.00 | OK | |||
r-release-macos-x86_64 | 0.14.0 | 145.00 | OK | |||
r-release-windows-x86_64 | 0.14.0 | 28.00 | 127.00 | 155.00 | OK | |
r-oldrel-macos-arm64 | 0.14.0 | 57.00 | OK | |||
r-oldrel-macos-x86_64 | 0.14.0 | 125.00 | OK | |||
r-oldrel-windows-x86_64 | 0.14.0 | 33.00 | 134.00 | 167.00 | OK |
Version: 0.14.0
Check: compiled code
Result: NOTE
File ‘xts/libs/xts.so’:
Found non-API call to R: ‘SET_TYPEOF’
Compiled code should not call non-API entry points in R.
See ‘Writing portable packages’ in the ‘Writing R Extensions’ manual,
and section ‘Moving into C API compliance’ for issues with the use of
non-API entry points.
Flavors: r-devel-linux-x86_64-debian-clang, r-devel-linux-x86_64-debian-gcc, r-devel-linux-x86_64-fedora-clang, r-devel-linux-x86_64-fedora-gcc
Version: 0.14.0
Check: Rd cross-references
Result: NOTE
Undeclared package ‘quantmod’ in Rd xrefs
Flavor: r-devel-linux-x86_64-fedora-clang
Version: 0.14.0
Check: Rd cross-references
Result: NOTE
Found the following Rd file(s) with Rd \link{} targets missing package
anchors:
as.xts.Rd: zoo
diff.xts.Rd: lag.zoo
merge.xts.Rd: merge.zoo
print.xts.Rd: coredata
split.xts.Rd: split.zoo, aggregate.zoo
tclass.Rd: index
tformat.Rd: index
tzone.Rd: index
xts.Rd: index
Please provide package anchors for all Rd \link{} targets not in the
package itself and the base packages.
Flavor: r-devel-windows-x86_64
Version: 0.14.0
Check: compiled code
Result: NOTE
File 'xts/libs/x64/xts.dll':
Found non-API call to R: 'SET_TYPEOF'
Compiled code should not call non-API entry points in R.
See 'Writing portable packages' in the 'Writing R Extensions' manual,
and section 'Moving into C API compliance' for issues with the use of
non-API entry points.
Flavor: r-devel-windows-x86_64