Last updated on 2024-06-27 16:49:19 CEST.
Flavor | Version | Tinstall | Tcheck | Ttotal | Status | Flags |
---|---|---|---|---|---|---|
r-devel-linux-x86_64-debian-clang | 0.14.0 | NOTE | ||||
r-devel-linux-x86_64-debian-gcc | 0.14.0 | 16.07 | 71.81 | 87.88 | NOTE | |
r-devel-linux-x86_64-fedora-clang | 0.14.0 | 143.23 | NOTE | |||
r-devel-linux-x86_64-fedora-gcc | 0.14.0 | 158.44 | NOTE | |||
r-devel-windows-x86_64 | 0.14.0 | 27.00 | 126.00 | 153.00 | NOTE | |
r-patched-linux-x86_64 | 0.14.0 | 21.50 | 92.37 | 113.87 | OK | |
r-release-linux-x86_64 | 0.14.0 | 19.31 | 94.38 | 113.69 | OK | |
r-release-macos-arm64 | 0.14.0 | 78.00 | OK | |||
r-release-macos-x86_64 | 0.14.0 | 145.00 | OK | |||
r-release-windows-x86_64 | 0.14.0 | 28.00 | 126.00 | 154.00 | OK | |
r-oldrel-macos-arm64 | 0.14.0 | 57.00 | OK | |||
r-oldrel-macos-x86_64 | 0.14.0 | 125.00 | OK | |||
r-oldrel-windows-x86_64 | 0.14.0 | 34.00 | 131.00 | 165.00 | OK |
Version: 0.14.0
Check: compiled code
Result: NOTE
File ‘xts/libs/xts.so’:
Found non-API call to R: ‘SET_TYPEOF’
Compiled code should not call non-API entry points in R.
See ‘Writing portable packages’ in the ‘Writing R Extensions’ manual.
Flavors: r-devel-linux-x86_64-debian-clang, r-devel-linux-x86_64-fedora-clang, r-devel-linux-x86_64-fedora-gcc
Version: 0.14.0
Check: compiled code
Result: NOTE
File ‘xts/libs/xts.so’:
Found non-API call to R: ‘SET_TYPEOF’
Compiled code should not call non-API entry points in R.
See ‘Writing portable packages’ in the ‘Writing R Extensions’ manual.
See section ‘Moving into C API compliance’ in the ‘Writing R
Extensions’ manual for issues with use of non-API entry points.
Flavor: r-devel-linux-x86_64-debian-gcc
Version: 0.14.0
Check: Rd cross-references
Result: NOTE
Undeclared package ‘quantmod’ in Rd xrefs
Flavor: r-devel-linux-x86_64-fedora-clang
Version: 0.14.0
Check: compiled code
Result: NOTE
File 'xts/libs/x64/xts.dll':
Found non-API call to R: 'SET_TYPEOF'
Compiled code should not call non-API entry points in R.
See 'Writing portable packages' in the 'Writing R Extensions' manual.
Flavor: r-devel-windows-x86_64