Last updated on 2024-07-13 11:49:31 CEST.
Flavor | Version | Tinstall | Tcheck | Ttotal | Status | Flags |
---|---|---|---|---|---|---|
r-devel-linux-x86_64-debian-clang | 1.4.1 | 90.36 | 41.38 | 131.74 | NOTE | |
r-devel-linux-x86_64-debian-gcc | 1.4.1 | 63.81 | 31.10 | 94.91 | NOTE | |
r-devel-linux-x86_64-fedora-clang | 1.4.1 | 178.40 | NOTE | |||
r-devel-linux-x86_64-fedora-gcc | 1.4.1 | 206.45 | WARN | |||
r-devel-windows-x86_64 | 1.4.1 | 140.00 | 135.00 | 275.00 | NOTE | |
r-patched-linux-x86_64 | 1.4.1 | 73.37 | 39.34 | 112.71 | NOTE | |
r-release-linux-x86_64 | 1.4.1 | 82.26 | 38.58 | 120.84 | NOTE | |
r-release-macos-arm64 | 1.4.1 | 63.00 | NOTE | |||
r-release-macos-x86_64 | 1.4.1 | 105.00 | NOTE | |||
r-release-windows-x86_64 | 1.4.1 | 142.00 | 142.00 | 284.00 | NOTE | |
r-oldrel-macos-arm64 | 1.4.1 | 72.00 | NOTE | |||
r-oldrel-macos-x86_64 | 1.4.1 | 108.00 | NOTE | |||
r-oldrel-windows-x86_64 | 1.4.1 | 170.00 | 157.00 | 327.00 | NOTE |
Version: 1.4.1
Check: C++ specification
Result: NOTE
Specified C++11: please drop specification unless essential
Flavors: r-devel-linux-x86_64-debian-clang, r-devel-linux-x86_64-debian-gcc, r-devel-linux-x86_64-fedora-clang, r-devel-linux-x86_64-fedora-gcc, r-devel-windows-x86_64, r-patched-linux-x86_64, r-release-linux-x86_64, r-release-macos-arm64, r-release-macos-x86_64, r-release-windows-x86_64, r-oldrel-macos-arm64, r-oldrel-macos-x86_64, r-oldrel-windows-x86_64
Version: 1.4.1
Check: for GNU extensions in Makefiles
Result: NOTE
GNU make is a SystemRequirements.
Flavors: r-devel-linux-x86_64-debian-clang, r-devel-linux-x86_64-debian-gcc, r-devel-linux-x86_64-fedora-clang, r-devel-linux-x86_64-fedora-gcc, r-devel-windows-x86_64, r-patched-linux-x86_64, r-release-linux-x86_64, r-release-macos-arm64, r-release-macos-x86_64, r-release-windows-x86_64, r-oldrel-macos-arm64, r-oldrel-macos-x86_64, r-oldrel-windows-x86_64
Version: 1.4.1
Check: compiled code
Result: NOTE
File ‘websocket/libs/websocket.so’:
Found non-API calls to R: ‘R_nchar’, ‘Rf_findVarInFrame3’,
‘SETLENGTH’, ‘SET_GROWABLE_BIT’, ‘SET_TRUELENGTH’
Compiled code should not call non-API entry points in R.
See ‘Writing portable packages’ in the ‘Writing R Extensions’ manual,
and section ‘Moving into C API compliance’ for issues with the use of
non-API entry points.
Flavors: r-devel-linux-x86_64-debian-clang, r-devel-linux-x86_64-debian-gcc, r-devel-linux-x86_64-fedora-clang, r-devel-linux-x86_64-fedora-gcc
Version: 1.4.1
Check: whether package can be installed
Result: WARN
Found the following significant warnings:
./lib/websocketpp/logger/basic.hpp:61:49: warning: template-id not allowed for constructor in C++20 [-Wtemplate-id-cdtor]
./lib/websocketpp/logger/basic.hpp:67:35: warning: template-id not allowed for constructor in C++20 [-Wtemplate-id-cdtor]
./lib/websocketpp/logger/basic.hpp:72:30: warning: template-id not allowed for constructor in C++20 [-Wtemplate-id-cdtor]
./lib/websocketpp/logger/basic.hpp:78:30: warning: template-id not allowed for constructor in C++20 [-Wtemplate-id-cdtor]
./lib/websocketpp/logger/basic.hpp:84:5: warning: template-id not allowed for destructor in C++20 [-Wtemplate-id-cdtor]
./lib/websocketpp/logger/basic.hpp:87:30: warning: template-id not allowed for constructor in C++20 [-Wtemplate-id-cdtor]
./lib/websocketpp/logger/basic.hpp:100:30: warning: template-id not allowed for constructor in C++20 [-Wtemplate-id-cdtor]
./lib/websocketpp/endpoint.hpp:112:5: warning: template-id not allowed for destructor in C++20 [-Wtemplate-id-cdtor]
See ‘/data/gannet/ripley/R/packages/tests-devel/websocket.Rcheck/00install.out’ for details.
* used C++ compiler: ‘g++-14 (GCC) 14.1.0’
Flavor: r-devel-linux-x86_64-fedora-gcc
Version: 1.4.1
Check: installed package size
Result: NOTE
installed size is 7.1Mb
sub-directories of 1Mb or more:
libs 7.0Mb
Flavors: r-devel-windows-x86_64, r-release-macos-arm64, r-release-macos-x86_64, r-release-windows-x86_64, r-oldrel-macos-arm64, r-oldrel-macos-x86_64, r-oldrel-windows-x86_64
Version: 1.4.1
Check: compiled code
Result: NOTE
File 'websocket/libs/x64/websocket.dll':
Found non-API calls to R: 'R_nchar', 'Rf_findVarInFrame3',
'SETLENGTH', 'SET_GROWABLE_BIT', 'SET_TRUELENGTH'
Compiled code should not call non-API entry points in R.
See 'Writing portable packages' in the 'Writing R Extensions' manual,
and section 'Moving into C API compliance' for issues with the use of
non-API entry points.
Flavor: r-devel-windows-x86_64