Last updated on 2024-06-27 16:49:18 CEST.
Flavor | Version | Tinstall | Tcheck | Ttotal | Status | Flags |
---|---|---|---|---|---|---|
r-devel-linux-x86_64-debian-clang | 0.1.0 | NOTE | ||||
r-devel-linux-x86_64-debian-gcc | 0.1.0 | 11.49 | 86.34 | 97.83 | NOTE | |
r-devel-linux-x86_64-fedora-clang | 0.1.0 | 164.05 | NOTE | |||
r-devel-linux-x86_64-fedora-gcc | 0.1.0 | 154.88 | NOTE | |||
r-devel-windows-x86_64 | 0.1.0 | 12.00 | 91.00 | 103.00 | NOTE | |
r-patched-linux-x86_64 | 0.1.0 | 11.22 | 110.48 | 121.70 | NOTE | |
r-release-linux-x86_64 | 0.1.0 | 11.18 | 113.07 | 124.25 | NOTE | |
r-release-macos-arm64 | 0.1.0 | 47.00 | NOTE | |||
r-release-macos-x86_64 | 0.1.0 | 68.00 | NOTE | |||
r-release-windows-x86_64 | 0.1.0 | 12.00 | 94.00 | 106.00 | NOTE | |
r-oldrel-macos-arm64 | 0.1.0 | 55.00 | NOTE | |||
r-oldrel-macos-x86_64 | 0.1.0 | 88.00 | NOTE | |||
r-oldrel-windows-x86_64 | 0.1.0 | 16.00 | 116.00 | 132.00 | NOTE |
Version: 0.1.0
Check: LazyData
Result: NOTE
'LazyData' is specified without a 'data' directory
Flavors: r-devel-linux-x86_64-debian-clang, r-devel-linux-x86_64-debian-gcc, r-devel-linux-x86_64-fedora-clang, r-devel-linux-x86_64-fedora-gcc, r-devel-windows-x86_64, r-patched-linux-x86_64, r-release-linux-x86_64, r-release-macos-arm64, r-release-macos-x86_64, r-release-windows-x86_64, r-oldrel-macos-arm64, r-oldrel-macos-x86_64, r-oldrel-windows-x86_64
Version: 0.1.0
Check: dependencies in R code
Result: NOTE
Namespace in Imports field not imported from: ‘nlme’
All declared Imports should be used.
Flavors: r-devel-linux-x86_64-fedora-clang, r-devel-linux-x86_64-fedora-gcc