Last updated on 2024-06-27 16:49:18 CEST.
Flavor | Version | Tinstall | Tcheck | Ttotal | Status | Flags |
---|---|---|---|---|---|---|
r-devel-linux-x86_64-debian-clang | 1.1.30 | OK | ||||
r-devel-linux-x86_64-debian-gcc | 1.1.30 | 39.08 | 195.79 | 234.87 | OK | |
r-devel-linux-x86_64-fedora-clang | 1.1.30 | 433.87 | NOTE | |||
r-devel-linux-x86_64-fedora-gcc | 1.1.30 | 418.64 | OK | |||
r-devel-windows-x86_64 | 1.1.30 | 44.00 | 235.00 | 279.00 | NOTE | |
r-patched-linux-x86_64 | 1.1.30 | 59.90 | 264.79 | 324.69 | OK | |
r-release-linux-x86_64 | 1.1.30 | 34.04 | 260.00 | 294.04 | OK | |
r-release-macos-arm64 | 1.1.30 | 112.00 | NOTE | |||
r-release-macos-x86_64 | 1.1.30 | 155.00 | NOTE | |||
r-release-windows-x86_64 | 1.1.30 | 49.00 | 244.00 | 293.00 | NOTE | |
r-oldrel-macos-arm64 | 1.1.30 | 108.00 | NOTE | |||
r-oldrel-macos-x86_64 | 1.1.30 | 230.00 | NOTE | |||
r-oldrel-windows-x86_64 | 1.1.30 | 61.00 | 293.00 | 354.00 | NOTE |
Version: 1.1.30
Check: installed package size
Result: NOTE
installed size is 8.2Mb
sub-directories of 1Mb or more:
R 1.1Mb
doc 6.4Mb
Flavors: r-devel-linux-x86_64-fedora-clang, r-devel-windows-x86_64, r-release-macos-arm64, r-release-macos-x86_64, r-release-windows-x86_64, r-oldrel-macos-arm64, r-oldrel-macos-x86_64, r-oldrel-windows-x86_64