Last updated on 2024-07-13 05:49:30 CEST.
Flavor | Version | Tinstall | Tcheck | Ttotal | Status | Flags |
---|---|---|---|---|---|---|
r-devel-linux-x86_64-debian-clang | 1.0.5 | 18.90 | 38.65 | 57.55 | OK | |
r-devel-linux-x86_64-debian-gcc | 1.0.5 | 15.12 | 29.46 | 44.58 | OK | |
r-devel-linux-x86_64-fedora-clang | 1.0.5 | 75.56 | NOTE | |||
r-devel-linux-x86_64-fedora-gcc | 1.0.5 | 70.36 | NOTE | |||
r-devel-windows-x86_64 | 1.0.5 | 17.00 | 52.00 | 69.00 | OK | |
r-patched-linux-x86_64 | 1.0.5 | 16.74 | 36.05 | 52.79 | OK | |
r-release-linux-x86_64 | 1.0.5 | 18.06 | 37.28 | 55.34 | OK | |
r-release-macos-arm64 | 1.0.5 | 23.00 | OK | |||
r-release-macos-x86_64 | 1.0.5 | 36.00 | OK | |||
r-release-windows-x86_64 | 1.0.5 | 15.00 | 51.00 | 66.00 | OK | |
r-oldrel-macos-arm64 | 1.0.5 | 27.00 | OK | |||
r-oldrel-macos-x86_64 | 1.0.5 | 38.00 | OK | |||
r-oldrel-windows-x86_64 | 1.0.5 | 20.00 | 55.00 | 75.00 | OK |
Version: 1.0.5
Check: dependencies in R code
Result: NOTE
Namespaces in Imports field not imported from:
‘R6’ ‘WRS2’ ‘ggplot2’
All declared Imports should be used.
Flavors: r-devel-linux-x86_64-fedora-clang, r-devel-linux-x86_64-fedora-gcc