Last updated on 2024-06-27 16:49:18 CEST.
Flavor | Version | Tinstall | Tcheck | Ttotal | Status | Flags |
---|---|---|---|---|---|---|
r-devel-linux-x86_64-debian-clang | 0.1.1 | OK | ||||
r-devel-linux-x86_64-debian-gcc | 0.1.1 | 8.46 | 83.31 | 91.77 | OK | |
r-devel-linux-x86_64-fedora-clang | 0.1.1 | 158.58 | NOTE | |||
r-devel-linux-x86_64-fedora-gcc | 0.1.1 | 157.28 | OK | |||
r-devel-windows-x86_64 | 0.1.1 | 10.00 | 95.00 | 105.00 | OK | |
r-patched-linux-x86_64 | 0.1.1 | 14.93 | 104.63 | 119.56 | OK | |
r-release-linux-x86_64 | 0.1.1 | 9.32 | 107.41 | 116.73 | OK | |
r-release-macos-arm64 | 0.1.1 | 49.00 | OK | |||
r-release-macos-x86_64 | 0.1.1 | 76.00 | OK | |||
r-release-windows-x86_64 | 0.1.1 | 10.00 | 98.00 | 108.00 | OK | |
r-oldrel-macos-arm64 | 0.1.1 | 50.00 | OK | |||
r-oldrel-macos-x86_64 | 0.1.1 | 87.00 | OK | |||
r-oldrel-windows-x86_64 | 0.1.1 | 13.00 | 113.00 | 126.00 | OK |
Version: 0.1.1
Check: Rd cross-references
Result: NOTE
Undeclared package ‘progress’ in Rd xrefs
Flavor: r-devel-linux-x86_64-fedora-clang