Last updated on 2024-06-27 16:49:18 CEST.
Flavor | Version | Tinstall | Tcheck | Ttotal | Status | Flags |
---|---|---|---|---|---|---|
r-devel-linux-x86_64-debian-clang | 0.8.4 | NOTE | ||||
r-devel-linux-x86_64-debian-gcc | 0.8.4 | 2.60 | 26.83 | 29.43 | NOTE | |
r-devel-linux-x86_64-fedora-clang | 0.8.4 | 47.70 | NOTE | |||
r-devel-linux-x86_64-fedora-gcc | 0.8.4 | 45.80 | NOTE | |||
r-devel-windows-x86_64 | 0.8.4 | 3.00 | 52.00 | 55.00 | NOTE | |
r-patched-linux-x86_64 | 0.8.4 | 3.61 | 34.73 | 38.34 | NOTE | |
r-release-linux-x86_64 | 0.8.4 | 2.61 | 34.14 | 36.75 | NOTE | |
r-release-macos-arm64 | 0.8.4 | 19.00 | NOTE | |||
r-release-macos-x86_64 | 0.8.4 | 32.00 | NOTE | |||
r-release-windows-x86_64 | 0.8.4 | 4.00 | 53.00 | 57.00 | NOTE | |
r-oldrel-macos-arm64 | 0.8.4 | 20.00 | OK | |||
r-oldrel-macos-x86_64 | 0.8.4 | 28.00 | OK | |||
r-oldrel-windows-x86_64 | 0.8.4 | 4.00 | 55.00 | 59.00 | OK |
Version: 0.8.4
Check: Rd files
Result: NOTE
checkRd: (-1) getTurnType.Rd:38: Lost braces; missing escapes or markup?
38 | Return one of {Vocalisation, GrpVocalisation, ...} or identifier.
| ^
Flavors: r-devel-linux-x86_64-debian-clang, r-devel-linux-x86_64-debian-gcc, r-devel-linux-x86_64-fedora-clang, r-devel-linux-x86_64-fedora-gcc, r-devel-windows-x86_64, r-patched-linux-x86_64, r-release-linux-x86_64, r-release-macos-arm64, r-release-macos-x86_64, r-release-windows-x86_64