Last updated on 2024-07-13 11:49:30 CEST.
Flavor | Version | Tinstall | Tcheck | Ttotal | Status | Flags |
---|---|---|---|---|---|---|
r-devel-linux-x86_64-debian-clang | 1.1.3 | 5.18 | 35.43 | 40.61 | OK | |
r-devel-linux-x86_64-debian-gcc | 1.1.3 | 3.69 | 27.67 | 31.36 | OK | |
r-devel-linux-x86_64-fedora-clang | 1.1.3 | 50.58 | OK | |||
r-devel-linux-x86_64-fedora-gcc | 1.1.3 | 48.14 | OK | |||
r-devel-windows-x86_64 | 1.1.3 | 4.00 | 48.00 | 52.00 | NOTE | |
r-patched-linux-x86_64 | 1.1.3 | 7.75 | 34.22 | 41.97 | OK | |
r-release-linux-x86_64 | 1.1.3 | 4.69 | 33.40 | 38.09 | OK | |
r-release-macos-arm64 | 1.1.3 | 19.00 | OK | |||
r-release-macos-x86_64 | 1.1.3 | 28.00 | OK | |||
r-release-windows-x86_64 | 1.1.3 | 4.00 | 51.00 | 55.00 | OK | |
r-oldrel-macos-arm64 | 1.1.3 | 25.00 | OK | |||
r-oldrel-macos-x86_64 | 1.1.3 | 40.00 | OK | |||
r-oldrel-windows-x86_64 | 1.1.3 | 5.00 | 55.00 | 60.00 | OK |
Version: 1.1.3
Check: Rd cross-references
Result: NOTE
Found the following Rd file(s) with Rd \link{} targets missing package
anchors:
applyTransformation.Rd: sp
Please provide package anchors for all Rd \link{} targets not in the
package itself and the base packages.
Flavor: r-devel-windows-x86_64