Last updated on 2024-06-27 16:49:18 CEST.
Flavor | Version | Tinstall | Tcheck | Ttotal | Status | Flags |
---|---|---|---|---|---|---|
r-devel-linux-x86_64-debian-clang | 0.6.5 | NOTE | ||||
r-devel-linux-x86_64-debian-gcc | 0.6.5 | 37.36 | 194.26 | 231.62 | NOTE | |
r-devel-linux-x86_64-fedora-clang | 0.6.5 | 422.85 | NOTE | |||
r-devel-linux-x86_64-fedora-gcc | 0.6.5 | 412.15 | NOTE | |||
r-devel-windows-x86_64 | 0.6.5 | 70.00 | 223.00 | 293.00 | NOTE | |
r-patched-linux-x86_64 | 0.6.5 | 44.19 | 258.28 | 302.47 | OK | |
r-release-linux-x86_64 | 0.6.5 | 43.20 | 262.98 | 306.18 | OK | |
r-release-macos-arm64 | 0.6.5 | 115.00 | OK | |||
r-release-macos-x86_64 | 0.6.5 | 178.00 | OK | |||
r-release-windows-x86_64 | 0.6.5 | 72.00 | 231.00 | 303.00 | OK | |
r-oldrel-macos-arm64 | 0.6.5 | 119.00 | OK | |||
r-oldrel-macos-x86_64 | 0.6.5 | 269.00 | OK | |||
r-oldrel-windows-x86_64 | 0.6.5 | 1.00 | 8.00 | 9.00 | ERROR |
Version: 0.6.5
Check: compiled code
Result: NOTE
File ‘vctrs/libs/vctrs.so’:
Found non-API calls to R: ‘FRAME’, ‘HASHTAB’, ‘LEVELS’, ‘PRENV’,
‘PRVALUE’, ‘R_PromiseExpr’, ‘Rf_findVarInFrame3’, ‘SETLENGTH’,
‘SET_BODY’, ‘SET_CLOENV’, ‘SET_ENCLOS’, ‘SET_FORMALS’,
‘SET_GROWABLE_BIT’, ‘SET_S4_OBJECT’, ‘SET_TRUELENGTH’,
‘STDVEC_DATAPTR’, ‘STRING_PTR’, ‘TRUELENGTH’, ‘UNSET_S4_OBJECT’
Compiled code should not call non-API entry points in R.
See ‘Writing portable packages’ in the ‘Writing R Extensions’ manual.
Flavors: r-devel-linux-x86_64-debian-clang, r-devel-linux-x86_64-fedora-clang, r-devel-linux-x86_64-fedora-gcc
Version: 0.6.5
Check: compiled code
Result: NOTE
File ‘vctrs/libs/vctrs.so’:
Found non-API calls to R: ‘FRAME’, ‘HASHTAB’, ‘LEVELS’, ‘PRENV’,
‘PRVALUE’, ‘R_PromiseExpr’, ‘Rf_findVarInFrame3’, ‘SETLENGTH’,
‘SET_BODY’, ‘SET_CLOENV’, ‘SET_ENCLOS’, ‘SET_FORMALS’,
‘SET_GROWABLE_BIT’, ‘SET_S4_OBJECT’, ‘SET_TRUELENGTH’,
‘STDVEC_DATAPTR’, ‘STRING_PTR’, ‘TRUELENGTH’, ‘UNSET_S4_OBJECT’
Compiled code should not call non-API entry points in R.
See ‘Writing portable packages’ in the ‘Writing R Extensions’ manual.
See section ‘Moving into C API compliance’ in the ‘Writing R
Extensions’ manual for issues with use of non-API entry points.
Flavor: r-devel-linux-x86_64-debian-gcc
Version: 0.6.5
Check: compiled code
Result: NOTE
File 'vctrs/libs/x64/vctrs.dll':
Found non-API calls to R: 'FRAME', 'HASHTAB', 'LEVELS', 'PRENV',
'PRVALUE', 'R_PromiseExpr', 'Rf_findVarInFrame3', 'SETLENGTH',
'SET_BODY', 'SET_CLOENV', 'SET_ENCLOS', 'SET_FORMALS',
'SET_GROWABLE_BIT', 'SET_S4_OBJECT', 'SET_TRUELENGTH',
'STDVEC_DATAPTR', 'STRING_PTR', 'TRUELENGTH', 'UNSET_S4_OBJECT'
Compiled code should not call non-API entry points in R.
See 'Writing portable packages' in the 'Writing R Extensions' manual.
Flavor: r-devel-windows-x86_64
Version: 0.6.5
Check: whether package can be installed
Result: ERROR
Installation failed.
Flavor: r-oldrel-windows-x86_64