Last updated on 2024-07-13 05:49:29 CEST.
Flavor | Version | Tinstall | Tcheck | Ttotal | Status | Flags |
---|---|---|---|---|---|---|
r-devel-linux-x86_64-debian-clang | 1.2.2 | 24.45 | 88.98 | 113.43 | ERROR | |
r-devel-linux-x86_64-debian-gcc | 1.2.2 | 17.79 | 65.98 | 83.77 | ERROR | |
r-devel-linux-x86_64-fedora-clang | 1.2.2 | 154.30 | NOTE | |||
r-devel-linux-x86_64-fedora-gcc | 1.2.2 | 161.73 | OK | |||
r-devel-windows-x86_64 | 1.2.2 | 22.00 | 109.00 | 131.00 | NOTE | |
r-patched-linux-x86_64 | 1.2.2 | 24.12 | 92.58 | 116.70 | OK | |
r-release-linux-x86_64 | 1.2.2 | 18.46 | 92.69 | 111.15 | OK | |
r-release-macos-arm64 | 1.2.2 | 71.00 | NOTE | |||
r-release-macos-x86_64 | 1.2.2 | 105.00 | NOTE | |||
r-release-windows-x86_64 | 1.2.2 | 20.00 | 109.00 | 129.00 | NOTE | |
r-oldrel-macos-arm64 | 1.2.2 | 64.00 | NOTE | |||
r-oldrel-macos-x86_64 | 1.2.2 | 131.00 | NOTE | |||
r-oldrel-windows-x86_64 | 1.2.2 | 27.00 | 127.00 | 154.00 | NOTE |
Version: 1.2.2
Check: tests
Result: ERROR
Running ‘test-all.R’ [2s/4s]
Running the tests in ‘tests/test-all.R’ failed.
Complete output:
> library("testthat")
> library('vcr')
> test_check("vcr")
https://hb.opencpu.org is down SSL peer certificate or SSH remote key was not OK: [hb.opencpu.org] server certificate verification failed. CAfile: none CRLfile: none
Error in `FUN()`:
! In path: "/home/hornik/tmp/R.check/r-devel-clang/Work/PKGS/vcr.Rcheck/tests/testthat/helper-vcr.R"
Caused by error in `vapply()`:
! values must be length 1,
but FUN(X[[1]]) result is length 0
Backtrace:
▆
1. ├─testthat::test_check("vcr")
2. │ └─testthat::test_dir(...)
3. │ └─testthat:::test_files(...)
4. │ └─testthat:::test_files_serial(...)
5. │ └─testthat:::test_files_setup_state(...)
6. │ └─testthat::source_test_helpers(".", env)
7. │ └─testthat::source_dir(path, "^helper.*\\.[rR]$", env = env, wrap = FALSE)
8. │ └─base::lapply(...)
9. │ └─testthat (local) FUN(X[[i]], ...)
10. │ └─testthat::source_file(path, env = env, chdir = chdir, wrap = wrap)
11. │ ├─base::withCallingHandlers(...)
12. │ └─base::eval(exprs, env)
13. │ └─base::eval(exprs, env)
14. │ └─base::vapply(out, "[[", 1, "status_code") at tests/testthat/helper-vcr.R:82:1
15. └─base::.handleSimpleError(...)
16. └─testthat (local) h(simpleError(msg, call))
17. └─rlang::abort(...)
Execution halted
Flavor: r-devel-linux-x86_64-debian-clang
Version: 1.2.2
Check: tests
Result: ERROR
Running ‘test-all.R’ [2s/4s]
Running the tests in ‘tests/test-all.R’ failed.
Complete output:
> library("testthat")
> library('vcr')
> test_check("vcr")
https://hb.opencpu.org is down SSL peer certificate or SSH remote key was not OK: [hb.opencpu.org] server certificate verification failed. CAfile: none CRLfile: none
Error in `FUN()`:
! In path: "/home/hornik/tmp/R.check/r-devel-gcc/Work/PKGS/vcr.Rcheck/tests/testthat/helper-vcr.R"
Caused by error in `vapply()`:
! values must be length 1,
but FUN(X[[1]]) result is length 0
Backtrace:
▆
1. ├─testthat::test_check("vcr")
2. │ └─testthat::test_dir(...)
3. │ └─testthat:::test_files(...)
4. │ └─testthat:::test_files_serial(...)
5. │ └─testthat:::test_files_setup_state(...)
6. │ └─testthat::source_test_helpers(".", env)
7. │ └─testthat::source_dir(path, "^helper.*\\.[rR]$", env = env, wrap = FALSE)
8. │ └─base::lapply(...)
9. │ └─testthat (local) FUN(X[[i]], ...)
10. │ └─testthat::source_file(path, env = env, chdir = chdir, wrap = wrap)
11. │ ├─base::withCallingHandlers(...)
12. │ └─base::eval(exprs, env)
13. │ └─base::eval(exprs, env)
14. │ └─base::vapply(out, "[[", 1, "status_code") at tests/testthat/helper-vcr.R:82:1
15. └─base::.handleSimpleError(...)
16. └─testthat (local) h(simpleError(msg, call))
17. └─rlang::abort(...)
Execution halted
Flavor: r-devel-linux-x86_64-debian-gcc
Version: 1.2.2
Check: installed package size
Result: NOTE
installed size is 8.6Mb
sub-directories of 1Mb or more:
doc 7.5Mb
Flavors: r-devel-linux-x86_64-fedora-clang, r-devel-windows-x86_64, r-release-macos-arm64, r-release-macos-x86_64, r-release-windows-x86_64, r-oldrel-macos-arm64, r-oldrel-macos-x86_64, r-oldrel-windows-x86_64