Last updated on 2024-07-13 05:49:29 CEST.
Flavor | Version | Tinstall | Tcheck | Ttotal | Status | Flags |
---|---|---|---|---|---|---|
r-devel-linux-x86_64-debian-clang | 0.4.6 | 128.56 | 74.18 | 202.74 | NOTE | |
r-devel-linux-x86_64-debian-gcc | 0.4.6 | 105.23 | 52.97 | 158.20 | NOTE | |
r-devel-linux-x86_64-fedora-clang | 0.4.6 | 268.95 | NOTE | |||
r-devel-linux-x86_64-fedora-gcc | 0.4.6 | 349.97 | NOTE | |||
r-devel-windows-x86_64 | 0.4.6 | 128.00 | 167.00 | 295.00 | NOTE | |
r-patched-linux-x86_64 | 0.4.6 | 126.80 | 69.41 | 196.21 | NOTE | |
r-release-linux-x86_64 | 0.4.6 | 127.54 | 68.73 | 196.27 | NOTE | |
r-release-macos-arm64 | 0.4.6 | 109.00 | NOTE | |||
r-release-macos-x86_64 | 0.4.6 | 77.00 | NOTE | |||
r-release-windows-x86_64 | 0.4.6 | 133.00 | 161.00 | 294.00 | NOTE | |
r-oldrel-macos-arm64 | 0.4.6 | 91.00 | NOTE | |||
r-oldrel-macos-x86_64 | 0.4.6 | 123.00 | NOTE | |||
r-oldrel-windows-x86_64 | 0.4.6 | 129.00 | 198.00 | 327.00 | NOTE |
Version: 0.4.6
Check: for GNU extensions in Makefiles
Result: NOTE
GNU make is a SystemRequirements.
Flavors: r-devel-linux-x86_64-debian-clang, r-devel-linux-x86_64-debian-gcc, r-devel-linux-x86_64-fedora-clang, r-devel-linux-x86_64-fedora-gcc, r-devel-windows-x86_64, r-patched-linux-x86_64, r-release-linux-x86_64, r-release-macos-arm64, r-release-macos-x86_64, r-release-windows-x86_64, r-oldrel-macos-arm64, r-oldrel-macos-x86_64, r-oldrel-windows-x86_64
Version: 0.4.6
Check: installed package size
Result: NOTE
installed size is 11.7Mb
sub-directories of 1Mb or more:
libs 11.1Mb
Flavors: r-devel-windows-x86_64, r-release-macos-arm64, r-release-macos-x86_64, r-release-windows-x86_64, r-oldrel-macos-arm64, r-oldrel-macos-x86_64, r-oldrel-windows-x86_64