Last updated on 2024-07-13 11:49:30 CEST.
Flavor | Version | Tinstall | Tcheck | Ttotal | Status | Flags |
---|---|---|---|---|---|---|
r-devel-linux-x86_64-debian-clang | 1.1.1 | 22.07 | 175.26 | 197.33 | OK | |
r-devel-linux-x86_64-debian-gcc | 1.1.1 | 17.52 | 125.72 | 143.24 | OK | |
r-devel-linux-x86_64-fedora-clang | 1.1.1 | 215.08 | OK | |||
r-devel-linux-x86_64-fedora-gcc | 1.1.1 | 229.31 | OK | |||
r-devel-windows-x86_64 | 1.1.1 | 20.00 | 129.00 | 149.00 | NOTE | |
r-patched-linux-x86_64 | 1.1.1 | 19.91 | 161.97 | 181.88 | OK | |
r-release-linux-x86_64 | 1.1.1 | 14.46 | 164.89 | 179.35 | OK | |
r-release-macos-arm64 | 1.1.1 | 65.00 | OK | |||
r-release-macos-x86_64 | 1.1.1 | 93.00 | OK | |||
r-release-windows-x86_64 | 1.1.1 | 20.00 | 131.00 | 151.00 | OK | |
r-oldrel-macos-arm64 | 1.1.1 | 77.00 | OK | |||
r-oldrel-macos-x86_64 | 1.1.1 | 120.00 | OK | |||
r-oldrel-windows-x86_64 | 1.1.1 | 26.00 | 157.00 | 183.00 | OK |
Version: 1.1.1
Check: Rd cross-references
Result: NOTE
Found the following Rd file(s) with Rd \link{} targets missing package
anchors:
ControlResponseBias.Rd: lavaan
Please provide package anchors for all Rd \link{} targets not in the
package itself and the base packages.
Flavor: r-devel-windows-x86_64