Last updated on 2024-07-13 05:49:29 CEST.
Flavor | Version | Tinstall | Tcheck | Ttotal | Status | Flags |
---|---|---|---|---|---|---|
r-devel-linux-x86_64-debian-clang | 1.5 | 7.49 | 68.90 | 76.39 | NOTE | |
r-devel-linux-x86_64-debian-gcc | 1.5 | 5.65 | 50.14 | 55.79 | NOTE | |
r-devel-linux-x86_64-fedora-clang | 1.5 | 91.16 | NOTE | |||
r-devel-linux-x86_64-fedora-gcc | 1.5 | 86.62 | NOTE | |||
r-devel-windows-x86_64 | 1.5 | 8.00 | 67.00 | 75.00 | NOTE | |
r-patched-linux-x86_64 | 1.5 | 6.84 | 62.97 | 69.81 | NOTE | |
r-release-linux-x86_64 | 1.5 | 8.49 | 62.22 | 70.71 | NOTE | |
r-release-macos-arm64 | 1.5 | 30.00 | NOTE | |||
r-release-macos-x86_64 | 1.5 | 45.00 | NOTE | |||
r-release-windows-x86_64 | 1.5 | 8.00 | 67.00 | 75.00 | NOTE | |
r-oldrel-macos-arm64 | 1.5 | 31.00 | NOTE | |||
r-oldrel-macos-x86_64 | 1.5 | 51.00 | NOTE | |||
r-oldrel-windows-x86_64 | 1.5 | 9.00 | 76.00 | 85.00 | NOTE |
Version: 1.5
Check: LazyData
Result: NOTE
'LazyData' is specified without a 'data' directory
Flavors: r-devel-linux-x86_64-debian-clang, r-devel-linux-x86_64-debian-gcc, r-devel-linux-x86_64-fedora-clang, r-devel-linux-x86_64-fedora-gcc, r-devel-windows-x86_64, r-patched-linux-x86_64, r-release-linux-x86_64, r-release-macos-arm64, r-release-macos-x86_64, r-release-windows-x86_64, r-oldrel-macos-arm64, r-oldrel-macos-x86_64, r-oldrel-windows-x86_64