Last updated on 2024-07-13 11:49:30 CEST.
Flavor | Version | Tinstall | Tcheck | Ttotal | Status | Flags |
---|---|---|---|---|---|---|
r-devel-linux-x86_64-debian-clang | 1.4.4 | 56.33 | 120.97 | 177.30 | OK | |
r-devel-linux-x86_64-debian-gcc | 1.4.4 | 39.65 | 99.52 | 139.17 | OK | |
r-devel-linux-x86_64-fedora-clang | 1.4.4 | 228.29 | OK | |||
r-devel-linux-x86_64-fedora-gcc | 1.4.4 | 253.68 | OK | |||
r-devel-windows-x86_64 | 1.4.4 | 42.00 | 150.00 | 192.00 | OK | |
r-patched-linux-x86_64 | 1.4.4 | 49.89 | 124.32 | 174.21 | OK | |
r-release-linux-x86_64 | 1.4.4 | 46.93 | 123.72 | 170.65 | OK | |
r-release-macos-arm64 | 1.4.4 | 69.00 | NOTE | |||
r-release-macos-x86_64 | 1.4.4 | 104.00 | NOTE | |||
r-release-windows-x86_64 | 1.4.4 | 42.00 | 153.00 | 195.00 | OK | |
r-oldrel-macos-arm64 | 1.4.4 | 80.00 | NOTE | |||
r-oldrel-macos-x86_64 | 1.4.4 | 200.00 | NOTE | |||
r-oldrel-windows-x86_64 | 1.4.4 | 51.00 | 173.00 | 224.00 | OK |
Version: 1.4.4
Check: installed package size
Result: NOTE
installed size is 13.9Mb
sub-directories of 1Mb or more:
libs 13.2Mb
Flavors: r-release-macos-arm64, r-release-macos-x86_64, r-oldrel-macos-arm64, r-oldrel-macos-x86_64