Last updated on 2024-06-21 15:53:05 CEST.
Flavor | Version | Tinstall | Tcheck | Ttotal | Status | Flags |
---|---|---|---|---|---|---|
r-devel-linux-x86_64-debian-clang | 0.3.3 | 11.40 | 40.14 | 51.54 | NOTE | |
r-devel-linux-x86_64-debian-gcc | 0.3.3 | 7.92 | 30.37 | 38.29 | NOTE | |
r-devel-linux-x86_64-fedora-clang | 0.3.3 | 68.62 | NOTE | |||
r-devel-linux-x86_64-fedora-gcc | 0.3.3 | 63.05 | NOTE | |||
r-devel-windows-x86_64 | 0.3.3 | 12.00 | 57.00 | 69.00 | NOTE | |
r-patched-linux-x86_64 | 0.3.3 | 11.04 | 39.75 | 50.79 | NOTE | |
r-release-linux-x86_64 | 0.3.3 | 8.86 | 39.98 | 48.84 | NOTE | |
r-release-macos-arm64 | 0.3.3 | 21.00 | NOTE | |||
r-release-macos-x86_64 | 0.3.3 | 33.00 | NOTE | |||
r-release-windows-x86_64 | 0.3.3 | 10.00 | 60.00 | 70.00 | NOTE | |
r-oldrel-macos-arm64 | 0.3.3 | 23.00 | NOTE | |||
r-oldrel-macos-x86_64 | 0.3.3 | 33.00 | NOTE | |||
r-oldrel-windows-x86_64 | 0.3.3 | 11.00 | 63.00 | 74.00 | NOTE |
Version: 0.3.3
Check: package subdirectories
Result: NOTE
Problems with news in ‘NEWS.md’:
No news entries found.
Flavors: r-devel-linux-x86_64-debian-clang, r-devel-linux-x86_64-debian-gcc, r-devel-linux-x86_64-fedora-clang, r-devel-linux-x86_64-fedora-gcc, r-devel-windows-x86_64, r-patched-linux-x86_64, r-release-linux-x86_64, r-release-macos-arm64, r-release-macos-x86_64, r-release-windows-x86_64, r-oldrel-macos-arm64, r-oldrel-macos-x86_64, r-oldrel-windows-x86_64