Last updated on 2024-07-13 05:49:29 CEST.
Flavor | Version | Tinstall | Tcheck | Ttotal | Status | Flags |
---|---|---|---|---|---|---|
r-devel-linux-x86_64-debian-clang | 0.3.3 | 10.94 | 41.47 | 52.41 | NOTE | |
r-devel-linux-x86_64-debian-gcc | 0.3.3 | 8.45 | 30.36 | 38.81 | NOTE | |
r-devel-linux-x86_64-fedora-clang | 0.3.3 | 70.89 | NOTE | |||
r-devel-linux-x86_64-fedora-gcc | 0.3.3 | 62.96 | NOTE | |||
r-devel-windows-x86_64 | 0.3.3 | 11.00 | 61.00 | 72.00 | NOTE | |
r-patched-linux-x86_64 | 0.3.3 | 9.86 | 39.19 | 49.05 | NOTE | |
r-release-linux-x86_64 | 0.3.3 | 10.00 | 38.83 | 48.83 | NOTE | |
r-release-macos-arm64 | 0.3.3 | 21.00 | NOTE | |||
r-release-macos-x86_64 | 0.3.3 | 33.00 | NOTE | |||
r-release-windows-x86_64 | 0.3.3 | 11.00 | 59.00 | 70.00 | NOTE | |
r-oldrel-macos-arm64 | 0.3.3 | 23.00 | NOTE | |||
r-oldrel-macos-x86_64 | 0.3.3 | 33.00 | NOTE | |||
r-oldrel-windows-x86_64 | 0.3.3 | 11.00 | 62.00 | 73.00 | NOTE |
Version: 0.3.3
Check: package subdirectories
Result: NOTE
Problems with news in ‘NEWS.md’:
No news entries found.
Flavors: r-devel-linux-x86_64-debian-clang, r-devel-linux-x86_64-debian-gcc, r-devel-linux-x86_64-fedora-clang, r-devel-linux-x86_64-fedora-gcc, r-devel-windows-x86_64, r-patched-linux-x86_64, r-release-linux-x86_64, r-release-macos-arm64, r-release-macos-x86_64, r-release-windows-x86_64, r-oldrel-macos-arm64, r-oldrel-macos-x86_64, r-oldrel-windows-x86_64