Last updated on 2024-06-27 16:49:18 CEST.
Flavor | Version | Tinstall | Tcheck | Ttotal | Status | Flags |
---|---|---|---|---|---|---|
r-devel-linux-x86_64-debian-clang | 0.3-4 | OK | ||||
r-devel-linux-x86_64-debian-gcc | 0.3-4 | 44.46 | 83.75 | 128.21 | OK | |
r-devel-linux-x86_64-fedora-clang | 0.3-4 | 205.50 | NOTE | |||
r-devel-linux-x86_64-fedora-gcc | 0.3-4 | 221.14 | NOTE | |||
r-devel-windows-x86_64 | 0.3-4 | 45.00 | 108.00 | 153.00 | OK | |
r-patched-linux-x86_64 | 0.3-4 | 49.94 | 108.66 | 158.60 | OK | |
r-release-linux-x86_64 | 0.3-4 | 54.66 | 109.27 | 163.93 | OK | |
r-release-macos-arm64 | 0.3-4 | 80.00 | OK | |||
r-release-macos-x86_64 | 0.3-4 | 97.00 | OK | |||
r-release-windows-x86_64 | 0.3-4 | 45.00 | 109.00 | 154.00 | OK | |
r-oldrel-macos-arm64 | 0.3-4 | 82.00 | OK | |||
r-oldrel-macos-x86_64 | 0.3-4 | 144.00 | OK | |||
r-oldrel-windows-x86_64 | 0.3-4 | 59.00 | 134.00 | 193.00 | OK |
Version: 0.3-4
Check: installed package size
Result: NOTE
installed size is 6.1Mb
sub-directories of 1Mb or more:
libs 5.8Mb
Flavor: r-devel-linux-x86_64-fedora-clang
Version: 0.3-4
Check: compiled code
Result: NOTE
File ‘tseriesTARMA/libs/tseriesTARMA.so’:
Found no calls to: ‘R_registerRoutines’, ‘R_useDynamicSymbols’
It is good practice to register native routines and to disable symbol
search.
See ‘Writing portable packages’ in the ‘Writing R Extensions’ manual.
Flavors: r-devel-linux-x86_64-fedora-clang, r-devel-linux-x86_64-fedora-gcc