Last updated on 2024-07-13 05:49:29 CEST.
Flavor | Version | Tinstall | Tcheck | Ttotal | Status | Flags |
---|---|---|---|---|---|---|
r-devel-linux-x86_64-debian-clang | 11.0.4.1 | 30.23 | 537.36 | 567.59 | OK | |
r-devel-linux-x86_64-debian-gcc | 11.0.4.1 | 23.44 | 377.13 | 400.57 | OK | |
r-devel-linux-x86_64-fedora-clang | 11.0.4.1 | 703.50 | OK | |||
r-devel-linux-x86_64-fedora-gcc | 11.0.4.1 | 648.80 | OK | |||
r-devel-windows-x86_64 | 11.0.4.1 | 30.00 | 429.00 | 459.00 | NOTE | |
r-patched-linux-x86_64 | 11.0.4.1 | 29.28 | 499.58 | 528.86 | OK | |
r-release-linux-x86_64 | 11.0.4.1 | 25.75 | 507.90 | 533.65 | OK | |
r-release-macos-arm64 | 11.0.4.1 | 176.00 | OK | |||
r-release-macos-x86_64 | 11.0.4.1 | 315.00 | OK | |||
r-release-windows-x86_64 | 11.0.4.1 | 29.00 | 429.00 | 458.00 | OK | |
r-oldrel-macos-arm64 | 11.0.4.1 | 207.00 | OK | |||
r-oldrel-macos-x86_64 | 11.0.4.1 | 426.00 | OK | |||
r-oldrel-windows-x86_64 | 11.0.4.1 | 37.00 | 516.00 | 553.00 | OK |
Version: 11.0.4.1
Check: Rd cross-references
Result: NOTE
Found the following Rd file(s) with Rd \link{} targets missing package
anchors:
aar.Rd: gam
Please provide package anchors for all Rd \link{} targets not in the
package itself and the base packages.
Flavor: r-devel-windows-x86_64