Last updated on 2024-06-21 09:55:56 CEST.
Flavor | Version | Tinstall | Tcheck | Ttotal | Status | Flags |
---|---|---|---|---|---|---|
r-devel-linux-x86_64-debian-clang | 1.3-9.1 | 12.00 | 40.10 | 52.10 | OK | |
r-devel-linux-x86_64-debian-gcc | 1.3-9.1 | 7.14 | 30.11 | 37.25 | OK | |
r-devel-linux-x86_64-fedora-clang | 1.3-9.1 | 63.10 | NOTE | |||
r-devel-linux-x86_64-fedora-gcc | 1.3-9.1 | 58.67 | OK | |||
r-devel-windows-x86_64 | 1.3-9.1 | 12.00 | 63.00 | 75.00 | OK | |
r-patched-linux-x86_64 | 1.3-9.1 | 9.17 | 38.26 | 47.43 | OK | |
r-release-linux-x86_64 | 1.3-9.1 | 8.68 | 37.43 | 46.11 | OK | |
r-release-macos-arm64 | 1.3-9.1 | 21.00 | OK | |||
r-release-macos-x86_64 | 1.3-9.1 | 32.00 | OK | |||
r-release-windows-x86_64 | 1.3-9.1 | 11.00 | 63.00 | 74.00 | OK | |
r-oldrel-macos-arm64 | 1.3-9.1 | 25.00 | OK | |||
r-oldrel-macos-x86_64 | 1.3-9.1 | 37.00 | OK | |||
r-oldrel-windows-x86_64 | 1.3-9.1 | 13.00 | 68.00 | 81.00 | OK |
Version: 1.3-9.1
Check: Rd cross-references
Result: NOTE
Undeclared package ‘akima’ in Rd xrefs
Flavor: r-devel-linux-x86_64-fedora-clang