Last updated on 2024-06-21 09:55:56 CEST.
Flavor | Version | Tinstall | Tcheck | Ttotal | Status | Flags |
---|---|---|---|---|---|---|
r-devel-linux-x86_64-debian-clang | 1.0.2 | 4.16 | 131.68 | 135.84 | NOTE | |
r-devel-linux-x86_64-debian-gcc | 1.0.2 | 2.80 | 96.25 | 99.05 | NOTE | |
r-devel-linux-x86_64-fedora-clang | 1.0.2 | 152.58 | NOTE | |||
r-devel-linux-x86_64-fedora-gcc | 1.0.2 | 189.64 | NOTE | |||
r-devel-windows-x86_64 | 1.0.2 | 5.00 | 109.00 | 114.00 | NOTE | |
r-patched-linux-x86_64 | 1.0.2 | 3.33 | 127.21 | 130.54 | NOTE | |
r-release-linux-x86_64 | 1.0.2 | 3.27 | 124.22 | 127.49 | NOTE | |
r-release-macos-arm64 | 1.0.2 | 52.00 | NOTE | |||
r-release-macos-x86_64 | 1.0.2 | 111.00 | NOTE | |||
r-release-windows-x86_64 | 1.0.2 | 4.00 | 112.00 | 116.00 | NOTE | |
r-oldrel-macos-arm64 | 1.0.2 | 54.00 | NOTE | |||
r-oldrel-macos-x86_64 | 1.0.2 | 144.00 | NOTE | |||
r-oldrel-windows-x86_64 | 1.0.2 | 5.00 | 136.00 | 141.00 | NOTE |
Version: 1.0.2
Check: package dependencies
Result: NOTE
Package which this enhances but not available for checking: ‘fwelnet’
Flavors: r-devel-linux-x86_64-debian-clang, r-devel-linux-x86_64-debian-gcc, r-devel-linux-x86_64-fedora-clang, r-devel-linux-x86_64-fedora-gcc, r-patched-linux-x86_64, r-release-linux-x86_64, r-release-macos-arm64, r-release-macos-x86_64, r-oldrel-macos-arm64, r-oldrel-macos-x86_64
Version: 1.0.2
Check: package dependencies
Result: NOTE
Packages which this enhances but not available for checking:
'fwelnet', 'doMC'
Flavors: r-devel-windows-x86_64, r-release-windows-x86_64, r-oldrel-windows-x86_64