Last updated on 2024-06-27 16:49:17 CEST.
Flavor | Version | Tinstall | Tcheck | Ttotal | Status | Flags |
---|---|---|---|---|---|---|
r-devel-linux-x86_64-debian-clang | 0.13.0 | NOTE | ||||
r-devel-linux-x86_64-debian-gcc | 0.13.0 | 878.18 | 264.30 | 1142.48 | NOTE | |
r-devel-linux-x86_64-fedora-clang | 0.13.0 | 1345.06 | NOTE | |||
r-devel-linux-x86_64-fedora-gcc | 0.13.0 | 2380.35 | NOTE | |||
r-devel-windows-x86_64 | 0.13.0 | 847.00 | 557.00 | 1404.00 | NOTE | |
r-patched-linux-x86_64 | 0.13.0 | 1000.79 | 350.82 | 1351.61 | OK | |
r-release-linux-x86_64 | 0.13.0 | 1035.61 | 353.87 | 1389.48 | OK | |
r-release-macos-arm64 | 0.13.0 | 470.00 | NOTE | |||
r-release-macos-x86_64 | 0.13.0 | 574.00 | NOTE | |||
r-release-windows-x86_64 | 0.13.0 | 898.00 | 616.00 | 1514.00 | NOTE | |
r-oldrel-macos-arm64 | 0.13.0 | 460.00 | NOTE | |||
r-oldrel-macos-x86_64 | 0.13.0 | 901.00 | NOTE | |||
r-oldrel-windows-x86_64 | 0.13.0 | 1078.00 | 726.00 | 1804.00 | NOTE |
Version: 0.13.0
Check: compiled code
Result: NOTE
File ‘torch/libs/torch.so’:
Found non-API calls to R: ‘PRCODE’, ‘PRENV’, ‘Rf_findVarInFrame3’
File ‘torch/libs/torchpkg.so’:
Found non-API calls to R: ‘PRCODE’, ‘PRENV’, ‘Rf_findVarInFrame3’
Compiled code should not call non-API entry points in R.
See ‘Writing portable packages’ in the ‘Writing R Extensions’ manual.
Flavors: r-devel-linux-x86_64-debian-clang, r-devel-linux-x86_64-fedora-clang, r-devel-linux-x86_64-fedora-gcc
Version: 0.13.0
Check: compiled code
Result: NOTE
File ‘torch/libs/torch.so’:
Found non-API calls to R: ‘PRCODE’, ‘PRENV’, ‘Rf_findVarInFrame3’
File ‘torch/libs/torchpkg.so’:
Found non-API calls to R: ‘PRCODE’, ‘PRENV’, ‘Rf_findVarInFrame3’
Compiled code should not call non-API entry points in R.
See ‘Writing portable packages’ in the ‘Writing R Extensions’ manual.
See section ‘Moving into C API compliance’ in the ‘Writing R
Extensions’ manual for issues with use of non-API entry points.
Flavor: r-devel-linux-x86_64-debian-gcc
Version: 0.13.0
Check: installed package size
Result: NOTE
installed size is 36.0Mb
sub-directories of 1Mb or more:
R 5.6Mb
help 1.7Mb
include 1.8Mb
libs 26.2Mb
Flavors: r-devel-linux-x86_64-fedora-clang, r-devel-windows-x86_64, r-release-macos-arm64, r-release-macos-x86_64, r-release-windows-x86_64, r-oldrel-macos-arm64, r-oldrel-macos-x86_64, r-oldrel-windows-x86_64
Version: 0.13.0
Check: compiled code
Result: NOTE
File 'torch/libs/x64/torch.dll':
Found non-API calls to R: 'PRCODE', 'PRENV', 'Rf_findVarInFrame3'
File 'torch/libs/x64/torchpkg.dll':
Found non-API calls to R: 'PRCODE', 'PRENV', 'Rf_findVarInFrame3'
Compiled code should not call non-API entry points in R.
See 'Writing portable packages' in the 'Writing R Extensions' manual.
Flavor: r-devel-windows-x86_64