Last updated on 2024-06-27 16:49:17 CEST.
Flavor | Version | Tinstall | Tcheck | Ttotal | Status | Flags |
---|---|---|---|---|---|---|
r-devel-linux-x86_64-debian-clang | 0.1.1 | NOTE | ||||
r-devel-linux-x86_64-debian-gcc | 0.1.1 | 351.82 | 22.52 | 374.34 | WARN | |
r-devel-linux-x86_64-fedora-clang | 0.1.1 | 805.30 | WARN | |||
r-devel-linux-x86_64-fedora-gcc | 0.1.2 | 8.16 | ERROR | |||
r-devel-windows-x86_64 | 0.1.1 | 71.00 | 104.00 | 175.00 | NOTE | |
r-patched-linux-x86_64 | 0.1.1 | 456.68 | 27.37 | 484.05 | OK | |
r-release-linux-x86_64 | 0.1.1 | 468.26 | 28.21 | 496.47 | OK | |
r-release-macos-arm64 | 0.1.1 | 117.00 | NOTE | |||
r-release-macos-x86_64 | 0.1.2 | 235.00 | NOTE | |||
r-release-windows-x86_64 | 0.1.1 | 66.00 | 112.00 | 178.00 | NOTE | |
r-oldrel-macos-arm64 | 0.1.1 | 131.00 | NOTE | |||
r-oldrel-macos-x86_64 | 0.1.1 | 138.00 | NOTE | |||
r-oldrel-windows-x86_64 | 0.1.1 | 74.00 | 134.00 | 208.00 | NOTE |
Version: 0.1.1
Check: compiled code
Result: NOTE
File ‘tok/libs/tok.so’:
Found non-API calls to R: ‘ENVFLAGS’, ‘FRAME’, ‘HASHTAB’, ‘PRCODE’,
‘PRENV’, ‘PRSEEN’, ‘PRVALUE’, ‘Rf_findVarInFrame3’, ‘SET_BODY’,
‘SET_CLOENV’, ‘SET_ENCLOS’, ‘SET_ENVFLAGS’, ‘SET_FORMALS’,
‘SET_PRCODE’, ‘SET_PRENV’, ‘SET_PRVALUE’, ‘STRING_PTR’, ‘SYMVALUE’,
‘VECTOR_PTR’, ‘XLENGTH_EX’
Compiled code should not call non-API entry points in R.
See ‘Writing portable packages’ in the ‘Writing R Extensions’ manual.
Flavor: r-devel-linux-x86_64-debian-clang
Version: 0.1.1
Check: compiled code
Result: WARN
File ‘tok/libs/tok.so’:
Found non-API calls to R: ‘ENVFLAGS’, ‘FRAME’, ‘HASHTAB’, ‘PRCODE’,
‘PRENV’, ‘PRSEEN’, ‘PRVALUE’, ‘Rf_findVarInFrame3’, ‘SET_BODY’,
‘SET_CLOENV’, ‘SET_ENCLOS’, ‘SET_ENVFLAGS’, ‘SET_FORMALS’,
‘SET_PRCODE’, ‘SET_PRENV’, ‘SET_PRVALUE’, ‘STRING_PTR’, ‘SYMVALUE’,
‘VECTOR_PTR’, ‘XLENGTH_EX’
These entry points may be removed soon:
‘PRSEEN’, ‘SYMVALUE’
Compiled code should not call non-API entry points in R.
See ‘Writing portable packages’ in the ‘Writing R Extensions’ manual.
See section ‘Moving into C API compliance’ in the ‘Writing R
Extensions’ manual for issues with use of non-API entry points.
Flavor: r-devel-linux-x86_64-debian-gcc
Version: 0.1.1
Check: installed package size
Result: NOTE
installed size is 13.2Mb
sub-directories of 1Mb or more:
libs 13.0Mb
Flavors: r-devel-linux-x86_64-fedora-clang, r-devel-windows-x86_64, r-release-macos-arm64, r-release-windows-x86_64, r-oldrel-macos-arm64, r-oldrel-macos-x86_64, r-oldrel-windows-x86_64
Version: 0.1.1
Check: compiled code
Result: WARN
File ‘tok/libs/tok.so’:
Found non-API calls to R: ‘ENVFLAGS’, ‘FRAME’, ‘HASHTAB’, ‘PRCODE’,
‘PRENV’, ‘PRSEEN’, ‘PRVALUE’, ‘Rf_findVarInFrame3’, ‘SET_BODY’,
‘SET_CLOENV’, ‘SET_ENCLOS’, ‘SET_ENVFLAGS’, ‘SET_FORMALS’,
‘SET_PRCODE’, ‘SET_PRENV’, ‘SET_PRVALUE’, ‘STRING_PTR’, ‘SYMVALUE’,
‘VECTOR_PTR’, ‘XLENGTH_EX’
These entry points may be removed soon:
‘PRSEEN’, ‘SYMVALUE’
Compiled code should not call non-API entry points in R.
See ‘Writing portable packages’ in the ‘Writing R Extensions’ manual.
Flavor: r-devel-linux-x86_64-fedora-clang
Version: 0.1.2
Check: whether package can be installed
Result: ERROR
Installation failed.
Flavor: r-devel-linux-x86_64-fedora-gcc
Version: 0.1.1
Check: compiled code
Result: NOTE
File 'tok/libs/x64/tok.dll':
Found non-API calls to R: 'ENVFLAGS', 'FRAME', 'HASHTAB', 'PRCODE',
'PRENV', 'PRSEEN', 'PRVALUE', 'Rf_findVarInFrame3', 'SET_BODY',
'SET_CLOENV', 'SET_ENCLOS', 'SET_ENVFLAGS', 'SET_FORMALS',
'SET_PRCODE', 'SET_PRENV', 'SET_PRVALUE', 'STRING_PTR', 'SYMVALUE',
'VECTOR_PTR', 'XLENGTH_EX'
Compiled code should not call non-API entry points in R.
See 'Writing portable packages' in the 'Writing R Extensions' manual.
Flavor: r-devel-windows-x86_64
Version: 0.1.2
Check: installed package size
Result: NOTE
installed size is 20.3Mb
sub-directories of 1Mb or more:
libs 19.6Mb
Flavor: r-release-macos-x86_64