Last updated on 2024-07-13 11:49:29 CEST.
Flavor | Version | Tinstall | Tcheck | Ttotal | Status | Flags |
---|---|---|---|---|---|---|
r-devel-linux-x86_64-debian-clang | 1.8 | 3.83 | 40.19 | 44.02 | OK | |
r-devel-linux-x86_64-debian-gcc | 1.8 | 3.15 | 30.10 | 33.25 | OK | |
r-devel-linux-x86_64-fedora-clang | 1.8 | 56.18 | OK | |||
r-devel-linux-x86_64-fedora-gcc | 1.8 | 51.09 | OK | |||
r-devel-windows-x86_64 | 1.8 | 6.00 | 51.00 | 57.00 | NOTE | |
r-patched-linux-x86_64 | 1.8 | 8.67 | 38.17 | 46.84 | OK | |
r-release-linux-x86_64 | 1.8 | 4.36 | 37.70 | 42.06 | OK | |
r-release-macos-arm64 | 1.8 | 23.00 | OK | |||
r-release-macos-x86_64 | 1.8 | 35.00 | OK | |||
r-release-windows-x86_64 | 1.8 | 5.00 | 50.00 | 55.00 | OK | |
r-oldrel-macos-arm64 | 1.8 | 20.00 | OK | |||
r-oldrel-macos-x86_64 | 1.8 | 28.00 | OK | |||
r-oldrel-windows-x86_64 | 1.8 | 6.00 | 53.00 | 59.00 | OK |
Version: 1.8
Check: Rd cross-references
Result: NOTE
Found the following Rd file(s) with Rd \link{} targets missing package
anchors:
FactivaSource.Rd: getSources
readFactiva.Rd: getReaders
Please provide package anchors for all Rd \link{} targets not in the
package itself and the base packages.
Flavor: r-devel-windows-x86_64