Last updated on 2024-06-27 16:49:17 CEST.
Flavor | Version | Tinstall | Tcheck | Ttotal | Status | Flags |
---|---|---|---|---|---|---|
r-devel-linux-x86_64-debian-clang | 1.39 | NOTE | ||||
r-devel-linux-x86_64-debian-gcc | 1.39 | 8.44 | 49.50 | 57.94 | NOTE | |
r-devel-linux-x86_64-fedora-clang | 1.39 | 104.64 | NOTE | |||
r-devel-linux-x86_64-fedora-gcc | 1.39 | 96.83 | NOTE | |||
r-devel-windows-x86_64 | 1.39 | 12.00 | 79.00 | 91.00 | NOTE | |
r-patched-linux-x86_64 | 1.39 | 12.12 | 53.40 | 65.52 | NOTE | |
r-release-linux-x86_64 | 1.39 | 10.48 | 66.72 | 77.20 | NOTE | |
r-release-macos-arm64 | 1.39 | 29.00 | NOTE | |||
r-release-macos-x86_64 | 1.39 | 70.00 | NOTE | |||
r-release-windows-x86_64 | 1.39 | 14.00 | 80.00 | 94.00 | NOTE | |
r-oldrel-macos-arm64 | 1.39 | 29.00 | OK | |||
r-oldrel-macos-x86_64 | 1.39 | 47.00 | OK | |||
r-oldrel-windows-x86_64 | 1.39 | 14.00 | 93.00 | 107.00 | OK |
Version: 1.39
Check: Rd files
Result: NOTE
checkRd: (-1) tierChart.Rd:332: Lost braces
332 | If the input argument code{boxes} is \code{F}, the \code{lBox},
| ^
Flavors: r-devel-linux-x86_64-debian-clang, r-devel-linux-x86_64-debian-gcc, r-devel-linux-x86_64-fedora-clang, r-devel-linux-x86_64-fedora-gcc, r-devel-windows-x86_64, r-patched-linux-x86_64, r-release-linux-x86_64, r-release-macos-arm64, r-release-macos-x86_64, r-release-windows-x86_64