Last updated on 2024-07-13 11:49:29 CEST.
Flavor | Version | Tinstall | Tcheck | Ttotal | Status | Flags |
---|---|---|---|---|---|---|
r-devel-linux-x86_64-debian-clang | 0.1.1 | 2.36 | 71.05 | 73.41 | OK | |
r-devel-linux-x86_64-debian-gcc | 0.1.1 | 2.40 | 51.27 | 53.67 | OK | |
r-devel-linux-x86_64-fedora-clang | 0.1.1 | 91.57 | NOTE | |||
r-devel-linux-x86_64-fedora-gcc | 0.1.1 | 86.06 | OK | |||
r-devel-windows-x86_64 | 0.1.1 | 3.00 | 75.00 | 78.00 | OK | |
r-patched-linux-x86_64 | 0.1.1 | 2.72 | 68.93 | 71.65 | OK | |
r-release-linux-x86_64 | 0.1.1 | 3.04 | 68.30 | 71.34 | OK | |
r-release-macos-arm64 | 0.1.1 | 32.00 | OK | |||
r-release-macos-x86_64 | 0.1.1 | 61.00 | OK | |||
r-release-windows-x86_64 | 0.1.1 | 3.00 | 75.00 | 78.00 | OK | |
r-oldrel-macos-arm64 | 0.1.1 | 31.00 | OK | |||
r-oldrel-macos-x86_64 | 0.1.1 | 79.00 | OK | |||
r-oldrel-windows-x86_64 | 0.1.1 | 4.00 | 84.00 | 88.00 | OK |
Version: 0.1.1
Check: Rd cross-references
Result: NOTE
Undeclared package ‘pkgdown’ in Rd xrefs
Flavor: r-devel-linux-x86_64-fedora-clang