Last updated on 2024-07-13 11:49:29 CEST.
Flavor | Version | Tinstall | Tcheck | Ttotal | Status | Flags |
---|---|---|---|---|---|---|
r-devel-linux-x86_64-debian-clang | 0.2.0 | 5.37 | 81.00 | 86.37 | NOTE | |
r-devel-linux-x86_64-debian-gcc | 0.2.0 | 4.56 | 58.90 | 63.46 | NOTE | |
r-devel-linux-x86_64-fedora-clang | 0.2.0 | 107.55 | NOTE | |||
r-devel-linux-x86_64-fedora-gcc | 0.2.0 | 99.10 | NOTE | |||
r-devel-windows-x86_64 | 0.2.0 | 7.00 | 86.00 | 93.00 | NOTE | |
r-patched-linux-x86_64 | 0.2.0 | 5.42 | 75.80 | 81.22 | NOTE | |
r-release-linux-x86_64 | 0.2.0 | 3.43 | 77.18 | 80.61 | NOTE | |
r-release-macos-arm64 | 0.2.0 | 39.00 | OK | |||
r-release-macos-x86_64 | 0.2.0 | 51.00 | OK | |||
r-release-windows-x86_64 | 0.2.0 | 7.00 | 86.00 | 93.00 | NOTE | |
r-oldrel-macos-arm64 | 0.2.0 | 39.00 | OK | |||
r-oldrel-macos-x86_64 | 0.2.0 | 69.00 | OK | |||
r-oldrel-windows-x86_64 | 0.2.0 | 8.00 | 99.00 | 107.00 | OK |
Version: 0.2.0
Check: HTML version of manual
Result: NOTE
Found the following HTML validation problems:
generate_control.html:87:1 (generate_control.Rd:36): Warning: trimming empty <li>
generate_control.html:86:1 (generate_control.Rd:36): Warning: trimming empty <ol>
generate_weights.html:220:1 (generate_weights.Rd:102): Warning: trimming empty <li>
generate_weights.html:219:1 (generate_weights.Rd:102): Warning: trimming empty <ol>
Flavors: r-devel-linux-x86_64-debian-clang, r-devel-linux-x86_64-debian-gcc, r-devel-linux-x86_64-fedora-clang, r-devel-linux-x86_64-fedora-gcc, r-devel-windows-x86_64, r-patched-linux-x86_64, r-release-linux-x86_64, r-release-windows-x86_64