Last updated on 2024-07-13 11:49:29 CEST.
Flavor | Version | Tinstall | Tcheck | Ttotal | Status | Flags |
---|---|---|---|---|---|---|
r-devel-linux-x86_64-debian-clang | 1.7 | 7.12 | 66.06 | 73.18 | NOTE | |
r-devel-linux-x86_64-debian-gcc | 1.7 | 4.42 | 48.27 | 52.69 | NOTE | |
r-devel-linux-x86_64-fedora-clang | 1.7 | 91.77 | NOTE | |||
r-devel-linux-x86_64-fedora-gcc | 1.7 | 95.41 | NOTE | |||
r-devel-windows-x86_64 | 1.7 | 6.00 | 69.00 | 75.00 | NOTE | |
r-patched-linux-x86_64 | 1.7 | 5.87 | 62.66 | 68.53 | NOTE | |
r-release-linux-x86_64 | 1.7 | 3.53 | 62.25 | 65.78 | NOTE | |
r-release-macos-arm64 | 1.7 | 40.00 | NOTE | |||
r-release-macos-x86_64 | 1.7 | 62.00 | NOTE | |||
r-release-windows-x86_64 | 1.7 | 6.00 | 72.00 | 78.00 | NOTE | |
r-oldrel-macos-arm64 | 1.7 | 37.00 | OK | |||
r-oldrel-macos-x86_64 | 1.7 | 59.00 | OK | |||
r-oldrel-windows-x86_64 | 1.7 | 7.00 | 77.00 | 84.00 | OK |
Version: 1.7
Check: Rd files
Result: NOTE
checkRd: (-1) separate_genes.Rd:14: Lost braces
14 | microbial genes like AbcD, default [A-Za-z][a-z]{2}[A-Z0-9]+}
| ^
Flavors: r-devel-linux-x86_64-debian-clang, r-devel-linux-x86_64-debian-gcc, r-devel-linux-x86_64-fedora-clang, r-devel-linux-x86_64-fedora-gcc, r-devel-windows-x86_64, r-patched-linux-x86_64, r-release-linux-x86_64, r-release-macos-arm64, r-release-macos-x86_64, r-release-windows-x86_64