Last updated on 2024-06-27 16:49:17 CEST.
Flavor | Version | Tinstall | Tcheck | Ttotal | Status | Flags |
---|---|---|---|---|---|---|
r-devel-linux-x86_64-debian-clang | 1.7 | NOTE | ||||
r-devel-linux-x86_64-debian-gcc | 1.7 | 4.27 | 48.25 | 52.52 | NOTE | |
r-devel-linux-x86_64-fedora-clang | 1.7 | 91.77 | NOTE | |||
r-devel-linux-x86_64-fedora-gcc | 1.7 | 96.46 | NOTE | |||
r-devel-windows-x86_64 | 1.7 | 6.00 | 69.00 | 75.00 | NOTE | |
r-patched-linux-x86_64 | 1.7 | 4.59 | 61.67 | 66.26 | NOTE | |
r-release-linux-x86_64 | 1.7 | 3.74 | 63.01 | 66.75 | NOTE | |
r-release-macos-arm64 | 1.7 | 40.00 | NOTE | |||
r-release-macos-x86_64 | 1.7 | 62.00 | NOTE | |||
r-release-windows-x86_64 | 1.7 | 8.00 | 72.00 | 80.00 | NOTE | |
r-oldrel-macos-arm64 | 1.7 | 37.00 | OK | |||
r-oldrel-macos-x86_64 | 1.7 | 59.00 | OK | |||
r-oldrel-windows-x86_64 | 1.7 | 8.00 | 77.00 | 85.00 | OK |
Version: 1.7
Check: Rd files
Result: NOTE
checkRd: (-1) separate_genes.Rd:14: Lost braces
14 | microbial genes like AbcD, default [A-Za-z][a-z]{2}[A-Z0-9]+}
| ^
Flavors: r-devel-linux-x86_64-debian-clang, r-devel-linux-x86_64-debian-gcc, r-devel-linux-x86_64-fedora-clang, r-devel-linux-x86_64-fedora-gcc, r-devel-windows-x86_64, r-patched-linux-x86_64, r-release-linux-x86_64, r-release-macos-arm64, r-release-macos-x86_64, r-release-windows-x86_64