Last updated on 2024-06-27 16:49:17 CEST.
Flavor | Version | Tinstall | Tcheck | Ttotal | Status | Flags |
---|---|---|---|---|---|---|
r-devel-linux-x86_64-debian-clang | 0.1.1 | OK | ||||
r-devel-linux-x86_64-debian-gcc | 0.1.1 | 4.01 | 83.97 | 87.98 | OK | |
r-devel-linux-x86_64-fedora-clang | 0.1.1 | 144.90 | NOTE | |||
r-devel-linux-x86_64-fedora-gcc | 0.1.1 | 149.47 | NOTE | |||
r-devel-windows-x86_64 | 0.1.1 | 5.00 | 93.00 | 98.00 | OK | |
r-patched-linux-x86_64 | 0.1.1 | 5.47 | 106.78 | 112.25 | OK | |
r-release-linux-x86_64 | 0.1.1 | 3.40 | 104.15 | 107.55 | OK | |
r-release-macos-arm64 | 0.1.1 | 49.00 | OK | |||
r-release-macos-x86_64 | 0.1.1 | 77.00 | OK | |||
r-release-windows-x86_64 | 0.1.1 | 6.00 | 95.00 | 101.00 | OK | |
r-oldrel-macos-arm64 | 0.1.1 | 64.00 | OK | |||
r-oldrel-macos-x86_64 | 0.1.1 | 110.00 | OK | |||
r-oldrel-windows-x86_64 | 0.1.1 | 8.00 | 113.00 | 121.00 | OK |
Version: 0.1.1
Check: data for non-ASCII characters
Result: NOTE
Note: found 4546 marked UTF-8 strings
Flavors: r-devel-linux-x86_64-fedora-clang, r-devel-linux-x86_64-fedora-gcc