Last updated on 2024-06-27 16:49:17 CEST.
Flavor | Version | Tinstall | Tcheck | Ttotal | Status | Flags |
---|---|---|---|---|---|---|
r-devel-linux-x86_64-debian-clang | 0.3.1 | NOTE | ||||
r-devel-linux-x86_64-debian-gcc | 0.3.1 | 12.81 | 81.16 | 93.97 | NOTE | |
r-devel-linux-x86_64-fedora-clang | 0.3.1 | 164.98 | NOTE | |||
r-devel-linux-x86_64-fedora-gcc | 0.3.1 | 173.22 | NOTE | |||
r-devel-windows-x86_64 | 0.3.1 | 25.00 | 104.00 | 129.00 | NOTE | |
r-patched-linux-x86_64 | 0.3.1 | 18.01 | 108.03 | 126.04 | OK | |
r-release-linux-x86_64 | 0.3.1 | 17.40 | 106.10 | 123.50 | OK | |
r-release-macos-arm64 | 0.3.1 | 48.00 | OK | |||
r-release-macos-x86_64 | 0.3.1 | 78.00 | OK | |||
r-release-windows-x86_64 | 0.3.1 | 26.00 | 108.00 | 134.00 | OK | |
r-oldrel-macos-arm64 | 0.3.1 | 56.00 | OK | |||
r-oldrel-macos-x86_64 | 0.3.1 | 97.00 | OK | |||
r-oldrel-windows-x86_64 | 0.3.1 | 29.00 | 126.00 | 155.00 | OK |
Version: 0.3.1
Check: compiled code
Result: NOTE
File ‘tibblify/libs/tibblify.so’:
Found non-API calls to R: ‘FRAME’, ‘HASHTAB’, ‘PRENV’, ‘PRVALUE’,
‘R_PromiseExpr’, ‘Rf_findVarInFrame3’, ‘SETLENGTH’, ‘SET_BODY’,
‘SET_CLOENV’, ‘SET_FORMALS’, ‘SET_GROWABLE_BIT’, ‘SET_TRUELENGTH’,
‘STRING_PTR’
Compiled code should not call non-API entry points in R.
See ‘Writing portable packages’ in the ‘Writing R Extensions’ manual.
Flavors: r-devel-linux-x86_64-debian-clang, r-devel-linux-x86_64-fedora-clang, r-devel-linux-x86_64-fedora-gcc
Version: 0.3.1
Check: compiled code
Result: NOTE
File ‘tibblify/libs/tibblify.so’:
Found non-API calls to R: ‘FRAME’, ‘HASHTAB’, ‘PRENV’, ‘PRVALUE’,
‘R_PromiseExpr’, ‘Rf_findVarInFrame3’, ‘SETLENGTH’, ‘SET_BODY’,
‘SET_CLOENV’, ‘SET_FORMALS’, ‘SET_GROWABLE_BIT’, ‘SET_TRUELENGTH’,
‘STRING_PTR’
Compiled code should not call non-API entry points in R.
See ‘Writing portable packages’ in the ‘Writing R Extensions’ manual.
See section ‘Moving into C API compliance’ in the ‘Writing R
Extensions’ manual for issues with use of non-API entry points.
Flavor: r-devel-linux-x86_64-debian-gcc
Version: 0.3.1
Check: dependencies in R code
Result: NOTE
Namespace in Imports field not imported from: ‘lifecycle’
All declared Imports should be used.
Flavors: r-devel-linux-x86_64-fedora-clang, r-devel-linux-x86_64-fedora-gcc
Version: 0.3.1
Check: compiled code
Result: NOTE
File 'tibblify/libs/x64/tibblify.dll':
Found non-API calls to R: 'FRAME', 'HASHTAB', 'PRENV', 'PRVALUE',
'R_PromiseExpr', 'Rf_findVarInFrame3', 'SETLENGTH', 'SET_BODY',
'SET_CLOENV', 'SET_FORMALS', 'SET_GROWABLE_BIT', 'SET_TRUELENGTH',
'STRING_PTR'
Compiled code should not call non-API entry points in R.
See 'Writing portable packages' in the 'Writing R Extensions' manual.
Flavor: r-devel-windows-x86_64