Last updated on 2024-06-27 16:49:17 CEST.
Flavor | Version | Tinstall | Tcheck | Ttotal | Status | Flags |
---|---|---|---|---|---|---|
r-devel-linux-x86_64-debian-clang | 3.2.1 | NOTE | ||||
r-devel-linux-x86_64-debian-gcc | 3.2.1 | 7.56 | 152.51 | 160.07 | NOTE | |
r-devel-linux-x86_64-fedora-clang | 3.2.1 | 272.40 | NOTE | |||
r-devel-linux-x86_64-fedora-gcc | 3.2.1 | 260.35 | NOTE | |||
r-devel-windows-x86_64 | 3.2.1 | 12.00 | 156.00 | 168.00 | NOTE | |
r-patched-linux-x86_64 | 3.2.1 | 13.67 | 202.87 | 216.54 | OK | |
r-release-linux-x86_64 | 3.2.1 | 7.58 | 201.89 | 209.47 | OK | |
r-release-macos-arm64 | 3.2.1 | 74.00 | OK | |||
r-release-macos-x86_64 | 3.2.1 | 120.00 | OK | |||
r-release-windows-x86_64 | 3.2.1 | 13.00 | 160.00 | 173.00 | OK | |
r-oldrel-macos-arm64 | 3.2.1 | 84.00 | OK | |||
r-oldrel-macos-x86_64 | 3.2.1 | 151.00 | OK | |||
r-oldrel-windows-x86_64 | 3.2.1 | 15.00 | 189.00 | 204.00 | OK |
Version: 3.2.1
Check: compiled code
Result: NOTE
File ‘tibble/libs/tibble.so’:
Found non-API call to R: ‘SET_S4_OBJECT’
Compiled code should not call non-API entry points in R.
See ‘Writing portable packages’ in the ‘Writing R Extensions’ manual.
Flavors: r-devel-linux-x86_64-debian-clang, r-devel-linux-x86_64-fedora-clang, r-devel-linux-x86_64-fedora-gcc
Version: 3.2.1
Check: compiled code
Result: NOTE
File ‘tibble/libs/tibble.so’:
Found non-API call to R: ‘SET_S4_OBJECT’
Compiled code should not call non-API entry points in R.
See ‘Writing portable packages’ in the ‘Writing R Extensions’ manual.
See section ‘Moving into C API compliance’ in the ‘Writing R
Extensions’ manual for issues with use of non-API entry points.
Flavor: r-devel-linux-x86_64-debian-gcc
Version: 3.2.1
Check: compiled code
Result: NOTE
File 'tibble/libs/x64/tibble.dll':
Found non-API call to R: 'SET_S4_OBJECT'
Compiled code should not call non-API entry points in R.
See 'Writing portable packages' in the 'Writing R Extensions' manual.
Flavor: r-devel-windows-x86_64