Last updated on 2024-06-27 10:49:44 CEST.
Flavor | Version | Tinstall | Tcheck | Ttotal | Status | Flags |
---|---|---|---|---|---|---|
r-devel-linux-x86_64-debian-clang | 3.0.5 | NOTE | ||||
r-devel-linux-x86_64-debian-gcc | 3.0.5 | 79.90 | 293.94 | 373.84 | NOTE | |
r-devel-linux-x86_64-fedora-clang | 3.0.5 | 684.90 | NOTE | |||
r-devel-linux-x86_64-fedora-gcc | 3.0.5 | 738.77 | NOTE | |||
r-devel-windows-x86_64 | 3.0.5 | 90.00 | 375.00 | 465.00 | NOTE | |
r-patched-linux-x86_64 | 3.0.5 | 92.65 | 386.64 | 479.29 | NOTE | |
r-release-linux-x86_64 | 3.0.5 | 100.53 | 382.95 | 483.48 | NOTE | |
r-release-macos-arm64 | 3.0.5 | 193.00 | NOTE | |||
r-release-macos-x86_64 | 3.0.5 | 302.00 | NOTE | |||
r-release-windows-x86_64 | 3.0.5 | 93.00 | 376.00 | 469.00 | NOTE | |
r-oldrel-macos-arm64 | 3.0.5 | 229.00 | NOTE | |||
r-oldrel-macos-x86_64 | 3.0.5 | 363.00 | NOTE | |||
r-oldrel-windows-x86_64 | 3.0.5 | 112.00 | 459.00 | 571.00 | NOTE |
Version: 3.0.5
Check: C++ specification
Result: NOTE
Specified C++11: please drop specification unless essential
Flavors: r-devel-linux-x86_64-debian-clang, r-devel-linux-x86_64-debian-gcc, r-devel-linux-x86_64-fedora-clang, r-devel-linux-x86_64-fedora-gcc, r-devel-windows-x86_64, r-patched-linux-x86_64, r-release-linux-x86_64, r-release-macos-arm64, r-release-macos-x86_64, r-release-windows-x86_64, r-oldrel-macos-arm64, r-oldrel-macos-x86_64, r-oldrel-windows-x86_64
Version: 3.0.5
Check: Rd cross-references
Result: NOTE
Undeclared package ‘tm’ in Rd xrefs
Flavor: r-devel-linux-x86_64-fedora-clang
Version: 3.0.5
Check: installed package size
Result: NOTE
installed size is 5.1Mb
sub-directories of 1Mb or more:
libs 3.2Mb
Flavors: r-release-macos-arm64, r-release-macos-x86_64, r-oldrel-macos-arm64, r-oldrel-macos-x86_64