Last updated on 2024-06-27 16:49:17 CEST.
Flavor | Version | Tinstall | Tcheck | Ttotal | Status | Flags |
---|---|---|---|---|---|---|
r-devel-linux-x86_64-debian-clang | 3.2.1.1 | NOTE | ||||
r-devel-linux-x86_64-debian-gcc | 3.2.1.1 | 44.32 | 185.22 | 229.54 | NOTE | |
r-devel-linux-x86_64-fedora-clang | 3.2.1.1 | 397.97 | NOTE | |||
r-devel-linux-x86_64-fedora-gcc | 3.2.1.1 | 485.41 | NOTE | |||
r-devel-windows-x86_64 | 3.2.1.1 | 50.00 | 171.00 | 221.00 | NOTE | |
r-patched-linux-x86_64 | 3.2.1.1 | 53.26 | 243.62 | 296.88 | OK | |
r-release-linux-x86_64 | 3.2.1.1 | 51.20 | 246.16 | 297.36 | OK | |
r-release-macos-arm64 | 3.2.1.1 | 128.00 | NOTE | |||
r-release-macos-x86_64 | 3.2.1.1 | 231.00 | NOTE | |||
r-release-windows-x86_64 | 3.2.1.1 | 52.00 | 175.00 | 227.00 | OK | |
r-oldrel-macos-arm64 | 3.2.1.1 | 129.00 | NOTE | |||
r-oldrel-macos-x86_64 | 3.2.1.1 | 250.00 | NOTE | |||
r-oldrel-windows-x86_64 | 3.2.1.1 | 65.00 | 205.00 | 270.00 | OK |
Version: 3.2.1.1
Check: compiled code
Result: NOTE
File ‘testthat/libs/testthat.so’:
Found non-API calls to R: ‘SET_BODY’, ‘SET_CLOENV’, ‘SET_FORMALS’
Compiled code should not call non-API entry points in R.
See ‘Writing portable packages’ in the ‘Writing R Extensions’ manual.
Flavors: r-devel-linux-x86_64-debian-clang, r-devel-linux-x86_64-fedora-clang, r-devel-linux-x86_64-fedora-gcc
Version: 3.2.1.1
Check: compiled code
Result: NOTE
File ‘testthat/libs/testthat.so’:
Found non-API calls to R: ‘SET_BODY’, ‘SET_CLOENV’, ‘SET_FORMALS’
Compiled code should not call non-API entry points in R.
See ‘Writing portable packages’ in the ‘Writing R Extensions’ manual.
See section ‘Moving into C API compliance’ in the ‘Writing R
Extensions’ manual for issues with use of non-API entry points.
Flavor: r-devel-linux-x86_64-debian-gcc
Version: 3.2.1.1
Check: compiled code
Result: NOTE
File 'testthat/libs/x64/testthat.dll':
Found non-API calls to R: 'SET_BODY', 'SET_CLOENV', 'SET_FORMALS'
Compiled code should not call non-API entry points in R.
See 'Writing portable packages' in the 'Writing R Extensions' manual.
Flavor: r-devel-windows-x86_64
Version: 3.2.1.1
Check: installed package size
Result: NOTE
installed size is 8.9Mb
sub-directories of 1Mb or more:
R 2.0Mb
libs 5.4Mb
Flavors: r-release-macos-arm64, r-release-macos-x86_64, r-oldrel-macos-arm64, r-oldrel-macos-x86_64