Last updated on 2024-06-21 15:53:04 CEST.
Flavor | Version | Tinstall | Tcheck | Ttotal | Status | Flags |
---|---|---|---|---|---|---|
r-devel-linux-x86_64-debian-clang | 0.0-25 | 3.70 | 25.21 | 28.91 | NOTE | |
r-devel-linux-x86_64-debian-gcc | 0.0-25 | 3.37 | 19.35 | 22.72 | NOTE | |
r-devel-linux-x86_64-fedora-clang | 0.0-25 | 38.14 | NOTE | |||
r-devel-linux-x86_64-fedora-gcc | 0.0-25 | 35.36 | NOTE | |||
r-devel-windows-x86_64 | 0.0-25 | 8.00 | 44.00 | 52.00 | NOTE | |
r-patched-linux-x86_64 | 0.0-25 | 3.59 | 24.66 | 28.25 | OK | |
r-release-linux-x86_64 | 0.0-25 | 4.29 | 24.37 | 28.66 | OK | |
r-release-macos-arm64 | 0.0-25 | 17.00 | OK | |||
r-release-macos-x86_64 | 0.0-25 | 24.00 | OK | |||
r-release-windows-x86_64 | 0.0-25 | 8.00 | 44.00 | 52.00 | OK | |
r-oldrel-macos-arm64 | 0.0-25 | 23.00 | OK | |||
r-oldrel-macos-x86_64 | 0.0-25 | 43.00 | OK | |||
r-oldrel-windows-x86_64 | 0.0-25 | 7.00 | 47.00 | 54.00 | OK |
Version: 0.0-25
Check: compiled code
Result: NOTE
File ‘tau/libs/tau.so’:
Found non-API call to R: ‘SET_S4_OBJECT’
Compiled code should not call non-API entry points in R.
See ‘Writing portable packages’ in the ‘Writing R Extensions’ manual.
Flavors: r-devel-linux-x86_64-debian-clang, r-devel-linux-x86_64-debian-gcc, r-devel-linux-x86_64-fedora-clang, r-devel-linux-x86_64-fedora-gcc
Version: 0.0-25
Check: compiled code
Result: NOTE
File 'tau/libs/x64/tau.dll':
Found non-API call to R: 'SET_S4_OBJECT'
Compiled code should not call non-API entry points in R.
See 'Writing portable packages' in the 'Writing R Extensions' manual.
Flavor: r-devel-windows-x86_64