Last updated on 2024-06-27 16:49:17 CEST.
Flavor | Version | Tinstall | Tcheck | Ttotal | Status | Flags |
---|---|---|---|---|---|---|
r-devel-linux-x86_64-debian-clang | 0.1.4 | NOTE | ||||
r-devel-linux-x86_64-debian-gcc | 0.1.4 | 5.22 | 34.38 | 39.60 | NOTE | |
r-devel-linux-x86_64-fedora-clang | 0.1.4 | 72.95 | NOTE | |||
r-devel-linux-x86_64-fedora-gcc | 0.1.4 | 79.12 | NOTE | |||
r-devel-windows-x86_64 | 0.1.4 | 9.00 | 61.00 | 70.00 | NOTE | |
r-patched-linux-x86_64 | 0.1.4 | 5.91 | 44.48 | 50.39 | NOTE | |
r-release-linux-x86_64 | 0.1.4 | 4.48 | 43.62 | 48.10 | NOTE | |
r-release-macos-arm64 | 0.1.4 | 31.00 | NOTE | |||
r-release-macos-x86_64 | 0.1.4 | 46.00 | NOTE | |||
r-release-windows-x86_64 | 0.1.4 | 10.00 | 62.00 | 72.00 | NOTE | |
r-oldrel-macos-arm64 | 0.1.4 | 34.00 | NOTE | |||
r-oldrel-macos-x86_64 | 0.1.4 | 51.00 | NOTE | |||
r-oldrel-windows-x86_64 | 0.1.4 | 11.00 | 67.00 | 78.00 | NOTE |
Version: 0.1.4
Check: C++ specification
Result: NOTE
Specified C++11: please drop specification unless essential
Flavors: r-devel-linux-x86_64-debian-clang, r-devel-linux-x86_64-debian-gcc, r-devel-linux-x86_64-fedora-clang, r-devel-linux-x86_64-fedora-gcc, r-devel-windows-x86_64, r-patched-linux-x86_64, r-release-linux-x86_64, r-release-macos-arm64, r-release-macos-x86_64, r-release-windows-x86_64, r-oldrel-macos-arm64, r-oldrel-macos-x86_64, r-oldrel-windows-x86_64
Version: 0.1.4
Check: compiled code
Result: NOTE
File ‘tardis/libs/tardis.so’:
Found non-API calls to R: ‘SETLENGTH’, ‘SET_GROWABLE_BIT’,
‘SET_TRUELENGTH’
Compiled code should not call non-API entry points in R.
See ‘Writing portable packages’ in the ‘Writing R Extensions’ manual.
Flavors: r-devel-linux-x86_64-debian-clang, r-devel-linux-x86_64-fedora-clang, r-devel-linux-x86_64-fedora-gcc
Version: 0.1.4
Check: compiled code
Result: NOTE
File ‘tardis/libs/tardis.so’:
Found non-API calls to R: ‘SETLENGTH’, ‘SET_GROWABLE_BIT’,
‘SET_TRUELENGTH’
Compiled code should not call non-API entry points in R.
See ‘Writing portable packages’ in the ‘Writing R Extensions’ manual.
See section ‘Moving into C API compliance’ in the ‘Writing R
Extensions’ manual for issues with use of non-API entry points.
Flavor: r-devel-linux-x86_64-debian-gcc
Version: 0.1.4
Check: data for non-ASCII characters
Result: NOTE
Note: found 301 marked UTF-8 strings
Flavors: r-devel-linux-x86_64-fedora-clang, r-devel-linux-x86_64-fedora-gcc
Version: 0.1.4
Check: compiled code
Result: NOTE
File 'tardis/libs/x64/tardis.dll':
Found non-API calls to R: 'SETLENGTH', 'SET_GROWABLE_BIT',
'SET_TRUELENGTH'
Compiled code should not call non-API entry points in R.
See 'Writing portable packages' in the 'Writing R Extensions' manual.
Flavor: r-devel-windows-x86_64