Last updated on 2024-06-27 16:49:17 CEST.
Flavor | Version | Tinstall | Tcheck | Ttotal | Status | Flags |
---|---|---|---|---|---|---|
r-devel-linux-x86_64-debian-clang | 0.1.0 | NOTE | ||||
r-devel-linux-x86_64-debian-gcc | 0.1.0 | 9.45 | 64.80 | 74.25 | NOTE | |
r-devel-linux-x86_64-fedora-clang | 0.1.0 | 129.44 | NOTE | |||
r-devel-linux-x86_64-fedora-gcc | 0.1.0 | 121.21 | NOTE | |||
r-devel-windows-x86_64 | 0.1.0 | 10.00 | 104.00 | 114.00 | NOTE | |
r-patched-linux-x86_64 | 0.1.0 | 16.91 | 83.75 | 100.66 | NOTE | |
r-release-linux-x86_64 | 0.1.0 | 6.75 | 85.15 | 91.90 | NOTE | |
r-release-macos-arm64 | 0.1.0 | 37.00 | NOTE | |||
r-release-macos-x86_64 | 0.1.0 | 56.00 | NOTE | |||
r-release-windows-x86_64 | 0.1.0 | 10.00 | 99.00 | 109.00 | NOTE | |
r-oldrel-macos-arm64 | 0.1.0 | 32.00 | OK | |||
r-oldrel-macos-x86_64 | 0.1.0 | 71.00 | OK | |||
r-oldrel-windows-x86_64 | 0.1.0 | 14.00 | 113.00 | 127.00 | OK |
Version: 0.1.0
Check: Rd files
Result: NOTE
checkRd: (-1) check_AM.Rd:21-25: Lost braces in \itemize; \value handles \item{}{} directly
checkRd: (-1) check_AM.Rd:26-29: Lost braces in \itemize; \value handles \item{}{} directly
checkRd: (-1) dive_stats.Rd:39: Lost braces; missing escapes or markup?
39 | \code{max} { The maximum depth or altitude}
| ^
checkRd: (-1) dive_stats.Rd:40: Lost braces; missing escapes or markup?
40 | \code{st} {start time of dive (seconds) - from input dive_cues}
| ^
checkRd: (-1) dive_stats.Rd:41: Lost braces; missing escapes or markup?
41 | \code{et} {end time of dive (seconds) - from input dive_cues}
| ^
checkRd: (-1) dive_stats.Rd:42: Lost braces; missing escapes or markup?
42 | \code{dur} { The duration of the excursion}
| ^
checkRd: (-1) dive_stats.Rd:43: Lost braces; missing escapes or markup?
43 | \code{dest_st} { The start time of the destination phase in seconds since start of tag recording (which is also the end time of to phase)}
| ^
checkRd: (-1) dive_stats.Rd:44: Lost braces; missing escapes or markup?
44 | \code{dest_et} { The end time of the destination phase in seconds since start of tag recording (which is also the start of the from phase).}
| ^
checkRd: (-1) dive_stats.Rd:45: Lost braces; missing escapes or markup?
45 | \code{dest_dur} { The duration in seconds of destination phase}
| ^
checkRd: (-1) dive_stats.Rd:46: Lost braces; missing escapes or markup?
46 | \code{to_dur} { The duration in seconds of to phase}
| ^
checkRd: (-1) dive_stats.Rd:47: Lost braces; missing escapes or markup?
47 | \code{from_dur} { The duration in seconds of from phase}
| ^
checkRd: (-1) dive_stats.Rd:48: Lost braces
48 | \code{mean_angle} { If angular=TRUE and X is input, the mean angle for the entire excursion. Values for each phase are also provided in columns \code{mean_to_angle}, \code{mean_dest_angle}, and \code{mean_from_angle}.}
| ^
checkRd: (-1) dive_stats.Rd:49: Lost braces
49 | \code{angle_var} { If angular=TRUE and X is input, the angular variance for the entire excursion. Values for each phase are also provided individually in columns \code{to_angle_var}, \code{dest_angle_var}, and \code{from_angle_var}.}
| ^
checkRd: (-1) dive_stats.Rd:50: Lost braces
50 | \code{mean_aux} { If angular=FALSE and X is input, the mean value of X for the entire excursion. Values for each phase are also provided in columns \code{mean_to_aux}, \code{mean_dest_aux}, and \code{mean_from_aux}.}
| ^
checkRd: (-1) dive_stats.Rd:51: Lost braces
51 | \code{aux_sd} { If angular=FALSE and X is input, the standard deviation of X for the entire excursion. Values for each phase are also provided individually in columns \code{to_aux_sd}, \code{dest_aux_sd}, and \code{from_aux_sd}.}
| ^
checkRd: (-1) make_specgram.Rd:34: Lost braces in \itemize; \value handles \item{}{} directly
checkRd: (-1) make_specgram.Rd:35: Lost braces in \itemize; \value handles \item{}{} directly
checkRd: (-1) make_specgram.Rd:36: Lost braces in \itemize; \value handles \item{}{} directly
checkRd: (-1) rotation_test.Rd:42-51: Lost braces in \itemize; \value handles \item{}{} directly
checkRd: (-1) rotation_test.Rd:44: Lost braces in \itemize; \value handles \item{}{} directly
checkRd: (-1) rotation_test.Rd:45: Lost braces in \itemize; \value handles \item{}{} directly
checkRd: (-1) rotation_test.Rd:46: Lost braces in \itemize; \value handles \item{}{} directly
checkRd: (-1) rotation_test.Rd:47: Lost braces in \itemize; \value handles \item{}{} directly
checkRd: (-1) rotation_test.Rd:48: Lost braces in \itemize; \value handles \item{}{} directly
checkRd: (-1) rotation_test.Rd:49: Lost braces in \itemize; \value handles \item{}{} directly
checkRd: (-1) rotation_test.Rd:52: Lost braces in \itemize; \value handles \item{}{} directly
Flavors: r-devel-linux-x86_64-debian-clang, r-devel-linux-x86_64-debian-gcc, r-devel-linux-x86_64-fedora-clang, r-devel-linux-x86_64-fedora-gcc, r-devel-windows-x86_64, r-patched-linux-x86_64, r-release-linux-x86_64, r-release-macos-arm64, r-release-macos-x86_64, r-release-windows-x86_64