Last updated on 2024-06-27 16:49:17 CEST.
Flavor | Version | Tinstall | Tcheck | Ttotal | Status | Flags |
---|---|---|---|---|---|---|
r-devel-linux-x86_64-debian-clang | 0.1.0 | OK | ||||
r-devel-linux-x86_64-debian-gcc | 0.1.0 | 4.39 | 46.16 | 50.55 | OK | |
r-devel-linux-x86_64-fedora-clang | 0.1.0 | 88.86 | NOTE | |||
r-devel-linux-x86_64-fedora-gcc | 0.1.0 | 95.10 | NOTE | |||
r-devel-windows-x86_64 | 0.1.0 | 6.00 | 65.00 | 71.00 | OK | |
r-patched-linux-x86_64 | 0.1.0 | 5.84 | 58.01 | 63.85 | OK | |
r-release-linux-x86_64 | 0.1.0 | 5.32 | 60.25 | 65.57 | OK | |
r-release-macos-arm64 | 0.1.0 | 34.00 | OK | |||
r-release-macos-x86_64 | 0.1.0 | 50.00 | OK | |||
r-release-windows-x86_64 | 0.1.0 | 7.00 | 67.00 | 74.00 | OK | |
r-oldrel-macos-arm64 | 0.1.0 | 32.00 | OK | |||
r-oldrel-macos-x86_64 | 0.1.0 | 55.00 | OK | |||
r-oldrel-windows-x86_64 | 0.1.0 | 9.00 | 76.00 | 85.00 | OK |
Version: 0.1.0
Check: data for non-ASCII characters
Result: NOTE
Note: found 81 marked UTF-8 strings
Flavors: r-devel-linux-x86_64-fedora-clang, r-devel-linux-x86_64-fedora-gcc