Last updated on 2024-07-13 05:49:28 CEST.
Flavor | Version | Tinstall | Tcheck | Ttotal | Status | Flags |
---|---|---|---|---|---|---|
r-devel-linux-x86_64-debian-clang | 1.0.0 | 15.16 | 144.48 | 159.64 | OK | |
r-devel-linux-x86_64-debian-gcc | 1.0.0 | 10.01 | 105.85 | 115.86 | OK | |
r-devel-linux-x86_64-fedora-clang | 1.0.0 | 204.69 | NOTE | |||
r-devel-linux-x86_64-fedora-gcc | 1.0.0 | 186.97 | NOTE | |||
r-devel-windows-x86_64 | 1.0.0 | 17.00 | 121.00 | 138.00 | OK | |
r-patched-linux-x86_64 | 1.0.0 | 15.57 | 138.68 | 154.25 | OK | |
r-release-linux-x86_64 | 1.0.0 | 11.56 | 136.03 | 147.59 | OK | |
r-release-macos-arm64 | 1.0.0 | 38.00 | OK | |||
r-release-macos-x86_64 | 1.0.0 | 83.00 | OK | |||
r-release-windows-x86_64 | 1.0.0 | 16.00 | 123.00 | 139.00 | OK | |
r-oldrel-macos-arm64 | 1.0.0 | 52.00 | OK | |||
r-oldrel-macos-x86_64 | 1.0.0 | 72.00 | OK | |||
r-oldrel-windows-x86_64 | 1.0.0 | 21.00 | 149.00 | 170.00 | OK |
Version: 1.0.0
Check: data for non-ASCII characters
Result: NOTE
Note: found 551 marked UTF-8 strings
Flavors: r-devel-linux-x86_64-fedora-clang, r-devel-linux-x86_64-fedora-gcc