Last updated on 2024-06-27 16:49:17 CEST.
Flavor | Version | Tinstall | Tcheck | Ttotal | Status | Flags |
---|---|---|---|---|---|---|
r-devel-linux-x86_64-debian-clang | 0.2.6 | NOTE | ||||
r-devel-linux-x86_64-debian-gcc | 0.2.6 | 498.37 | 55.96 | 554.33 | NOTE | |
r-devel-linux-x86_64-fedora-clang | 0.2.6 | 1135.30 | NOTE | |||
r-devel-linux-x86_64-fedora-gcc | 0.2.6 | 1293.16 | NOTE | |||
r-devel-windows-x86_64 | 0.2.6 | 531.00 | 187.00 | 718.00 | NOTE | |
r-patched-linux-x86_64 | 0.2.6 | 590.95 | 71.85 | 662.80 | NOTE | |
r-release-linux-x86_64 | 0.2.6 | 603.17 | 70.54 | 673.71 | NOTE | |
r-release-macos-arm64 | 0.2.6 | 222.00 | NOTE | |||
r-release-macos-x86_64 | 0.2.6 | 208.00 | NOTE | |||
r-release-windows-x86_64 | 0.2.6 | 519.00 | 196.00 | 715.00 | NOTE | |
r-oldrel-macos-arm64 | 0.2.6 | 296.00 | NOTE | |||
r-oldrel-macos-x86_64 | 0.2.6 | 321.00 | NOTE | |||
r-oldrel-windows-x86_64 | 0.2.6 | 540.00 | 235.00 | 775.00 | NOTE |
Version: 0.2.6
Check: package dependencies
Result: NOTE
Package suggested but not available for checking: ‘odeintr’
Flavors: r-devel-linux-x86_64-debian-clang, r-devel-linux-x86_64-debian-gcc, r-devel-linux-x86_64-fedora-clang, r-devel-linux-x86_64-fedora-gcc, r-patched-linux-x86_64, r-release-linux-x86_64
Version: 0.2.6
Check: installed package size
Result: NOTE
installed size is 7.0Mb
sub-directories of 1Mb or more:
libs 6.2Mb
Flavors: r-devel-linux-x86_64-fedora-clang, r-devel-windows-x86_64, r-release-macos-arm64, r-release-macos-x86_64, r-release-windows-x86_64, r-oldrel-macos-arm64, r-oldrel-macos-x86_64, r-oldrel-windows-x86_64
Version: 0.2.6
Check: for GNU extensions in Makefiles
Result: NOTE
GNU make is a SystemRequirements.
Flavors: r-devel-linux-x86_64-fedora-clang, r-devel-linux-x86_64-fedora-gcc, r-release-macos-arm64, r-release-macos-x86_64, r-oldrel-macos-arm64, r-oldrel-macos-x86_64