Last updated on 2024-06-27 16:49:17 CEST.
Flavor | Version | Tinstall | Tcheck | Ttotal | Status | Flags |
---|---|---|---|---|---|---|
r-devel-linux-x86_64-debian-clang | 1.9 | OK | ||||
r-devel-linux-x86_64-debian-gcc | 1.9 | 18.15 | 56.73 | 74.88 | OK | |
r-devel-linux-x86_64-fedora-clang | 1.9 | 121.75 | NOTE | |||
r-devel-linux-x86_64-fedora-gcc | 1.9 | 121.57 | OK | |||
r-devel-windows-x86_64 | 1.9 | 28.00 | 74.00 | 102.00 | OK | |
r-patched-linux-x86_64 | 1.9 | 19.87 | 72.78 | 92.65 | OK | |
r-release-linux-x86_64 | 1.9 | 19.57 | 73.86 | 93.43 | OK | |
r-release-macos-arm64 | 1.9 | 42.00 | OK | |||
r-release-macos-x86_64 | 1.9 | 54.00 | OK | |||
r-release-windows-x86_64 | 1.9 | 29.00 | 76.00 | 105.00 | OK | |
r-oldrel-macos-arm64 | 1.9 | 43.00 | OK | |||
r-oldrel-macos-x86_64 | 1.9 | 95.00 | OK | |||
r-oldrel-windows-x86_64 | 1.9 | 34.00 | 89.00 | 123.00 | OK |
Version: 1.9
Check: installed package size
Result: NOTE
installed size is 7.7Mb
sub-directories of 1Mb or more:
libs 7.5Mb
Flavor: r-devel-linux-x86_64-fedora-clang