Last updated on 2024-07-13 11:49:29 CEST.
Flavor | Version | Tinstall | Tcheck | Ttotal | Status | Flags |
---|---|---|---|---|---|---|
r-devel-linux-x86_64-debian-clang | 1.9 | 24.32 | 76.85 | 101.17 | OK | |
r-devel-linux-x86_64-debian-gcc | 1.9 | 17.22 | 57.14 | 74.36 | OK | |
r-devel-linux-x86_64-fedora-clang | 1.9 | 121.75 | NOTE | |||
r-devel-linux-x86_64-fedora-gcc | 1.9 | 121.52 | OK | |||
r-devel-windows-x86_64 | 1.9 | 29.00 | 74.00 | 103.00 | OK | |
r-patched-linux-x86_64 | 1.9 | 18.68 | 73.00 | 91.68 | OK | |
r-release-linux-x86_64 | 1.9 | 20.33 | 73.89 | 94.22 | OK | |
r-release-macos-arm64 | 1.9 | 42.00 | OK | |||
r-release-macos-x86_64 | 1.9 | 54.00 | OK | |||
r-release-windows-x86_64 | 1.9 | 29.00 | 75.00 | 104.00 | OK | |
r-oldrel-macos-arm64 | 1.9 | 43.00 | OK | |||
r-oldrel-macos-x86_64 | 1.9 | 95.00 | OK | |||
r-oldrel-windows-x86_64 | 1.9 | 34.00 | 89.00 | 123.00 | OK |
Version: 1.9
Check: installed package size
Result: NOTE
installed size is 7.7Mb
sub-directories of 1Mb or more:
libs 7.5Mb
Flavor: r-devel-linux-x86_64-fedora-clang