Last updated on 2024-07-13 11:49:29 CEST.
Flavor | Version | Tinstall | Tcheck | Ttotal | Status | Flags |
---|---|---|---|---|---|---|
r-devel-linux-x86_64-debian-clang | 1.0.6 | 189.18 | 175.90 | 365.08 | NOTE | |
r-devel-linux-x86_64-debian-gcc | 1.0.6 | 118.72 | 123.65 | 242.37 | NOTE | |
r-devel-linux-x86_64-fedora-clang | 1.0.6 | 476.13 | NOTE | |||
r-devel-linux-x86_64-fedora-gcc | 1.0.6 | 462.16 | NOTE | |||
r-devel-windows-x86_64 | 1.0.6 | 154.00 | 158.00 | 312.00 | NOTE | |
r-patched-linux-x86_64 | 1.0.6 | 146.84 | 166.41 | 313.25 | NOTE | |
r-release-linux-x86_64 | 1.0.6 | 108.85 | 165.51 | 274.36 | NOTE | |
r-release-macos-arm64 | 1.0.6 | 108.00 | NOTE | |||
r-release-macos-x86_64 | 1.0.6 | 126.00 | NOTE | |||
r-release-windows-x86_64 | 1.0.6 | 153.00 | 162.00 | 315.00 | NOTE | |
r-oldrel-macos-arm64 | 1.0.6 | 118.00 | NOTE | |||
r-oldrel-macos-x86_64 | 1.0.6 | 239.00 | NOTE | |||
r-oldrel-windows-x86_64 | 1.0.6 | 193.00 | 205.00 | 398.00 | NOTE |
Version: 1.0.6
Check: package dependencies
Result: NOTE
Package suggested but not available for checking: ‘gurobi’
Flavors: r-devel-linux-x86_64-debian-clang, r-devel-linux-x86_64-debian-gcc, r-devel-linux-x86_64-fedora-clang, r-devel-linux-x86_64-fedora-gcc, r-devel-windows-x86_64, r-patched-linux-x86_64, r-release-linux-x86_64, r-release-macos-arm64, r-release-macos-x86_64, r-release-windows-x86_64, r-oldrel-macos-arm64, r-oldrel-macos-x86_64, r-oldrel-windows-x86_64
Version: 1.0.6
Check: installed package size
Result: NOTE
installed size is 10.1Mb
sub-directories of 1Mb or more:
libs 9.0Mb
Flavors: r-release-macos-arm64, r-release-macos-x86_64, r-oldrel-macos-arm64, r-oldrel-macos-x86_64