Last updated on 2024-06-27 16:49:17 CEST.
Flavor | Version | Tinstall | Tcheck | Ttotal | Status | Flags |
---|---|---|---|---|---|---|
r-devel-linux-x86_64-debian-clang | 0.2.2 | NOTE | ||||
r-devel-linux-x86_64-debian-gcc | 0.2.2 | 297.05 | 245.58 | 542.63 | NOTE | |
r-devel-linux-x86_64-fedora-clang | 0.2.2 | 811.32 | NOTE | |||
r-devel-linux-x86_64-fedora-gcc | 0.2.2 | 996.03 | NOTE | |||
r-devel-windows-x86_64 | 0.2.2 | 255.00 | 272.00 | 527.00 | NOTE | |
r-patched-linux-x86_64 | 0.2.2 | 0.02 | 2.64 | 2.66 | ERROR | |
r-release-linux-x86_64 | 0.2.2 | 262.85 | 324.47 | 587.32 | NOTE | |
r-release-macos-arm64 | 0.2.2 | 182.00 | NOTE | |||
r-release-macos-x86_64 | 0.2.2 | 242.00 | NOTE | |||
r-release-windows-x86_64 | 0.2.2 | 261.00 | 282.00 | 543.00 | NOTE | |
r-oldrel-macos-arm64 | 0.2.2 | 234.00 | NOTE | |||
r-oldrel-macos-x86_64 | 0.2.2 | 497.00 | NOTE | |||
r-oldrel-windows-x86_64 | 0.2.2 | 334.00 | 406.00 | 740.00 | NOTE |
Version: 0.2.2
Check: for GNU extensions in Makefiles
Result: NOTE
GNU make is a SystemRequirements.
Flavors: r-devel-linux-x86_64-debian-clang, r-devel-linux-x86_64-debian-gcc, r-devel-linux-x86_64-fedora-clang, r-devel-linux-x86_64-fedora-gcc, r-devel-windows-x86_64, r-release-linux-x86_64, r-release-macos-arm64, r-release-macos-x86_64, r-release-windows-x86_64, r-oldrel-macos-arm64, r-oldrel-macos-x86_64, r-oldrel-windows-x86_64
Version: 0.2.2
Check: dependencies in R code
Result: NOTE
Namespaces in Imports field not imported from:
‘RcppParallel’ ‘rstantools’
All declared Imports should be used.
Flavors: r-devel-linux-x86_64-fedora-clang, r-devel-linux-x86_64-fedora-gcc
Version: 0.2.2
Check: whether package can be installed
Result: ERROR
Installation failed.
Flavor: r-patched-linux-x86_64
Version: 0.2.2
Check: installed package size
Result: NOTE
installed size is 63.4Mb
sub-directories of 1Mb or more:
libs 62.1Mb
Flavors: r-release-macos-arm64, r-release-macos-x86_64, r-oldrel-macos-arm64, r-oldrel-macos-x86_64