Last updated on 2024-06-21 15:53:04 CEST.
Flavor | Version | Tinstall | Tcheck | Ttotal | Status | Flags |
---|---|---|---|---|---|---|
r-devel-linux-x86_64-debian-clang | 1.0-5 | 15.04 | 114.17 | 129.21 | NOTE | |
r-devel-linux-x86_64-debian-gcc | 1.0-5 | 10.39 | 84.26 | 94.65 | NOTE | |
r-devel-linux-x86_64-fedora-clang | 1.0-5 | 163.98 | NOTE | |||
r-devel-linux-x86_64-fedora-gcc | 1.0-5 | 147.06 | NOTE | |||
r-devel-windows-x86_64 | 1.0-5 | 11.00 | 92.00 | 103.00 | NOTE | |
r-patched-linux-x86_64 | 1.0-5 | 12.11 | 109.98 | 122.09 | NOTE | |
r-release-linux-x86_64 | 1.0-5 | 7.98 | 110.99 | 118.97 | NOTE | |
r-release-macos-arm64 | 1.0-5 | 41.00 | NOTE | |||
r-release-macos-x86_64 | 1.0-5 | 69.00 | NOTE | |||
r-release-windows-x86_64 | 1.0-5 | 11.00 | 96.00 | 107.00 | NOTE | |
r-oldrel-macos-arm64 | 1.0-5 | 50.00 | NOTE | |||
r-oldrel-macos-x86_64 | 1.0-5 | 78.00 | NOTE | |||
r-oldrel-windows-x86_64 | 1.0-5 | 15.00 | 113.00 | 128.00 | NOTE |
Version: 1.0-5
Check: LazyData
Result: NOTE
'LazyData' is specified without a 'data' directory
Flavors: r-devel-linux-x86_64-debian-clang, r-devel-linux-x86_64-debian-gcc, r-devel-linux-x86_64-fedora-clang, r-devel-linux-x86_64-fedora-gcc, r-devel-windows-x86_64, r-patched-linux-x86_64, r-release-linux-x86_64, r-release-macos-arm64, r-release-macos-x86_64, r-release-windows-x86_64, r-oldrel-macos-arm64, r-oldrel-macos-x86_64, r-oldrel-windows-x86_64