Last updated on 2024-06-27 16:49:16 CEST.
Flavor | Version | Tinstall | Tcheck | Ttotal | Status | Flags |
---|---|---|---|---|---|---|
r-devel-linux-x86_64-debian-clang | 1.0.0 | NOTE | ||||
r-devel-linux-x86_64-debian-gcc | 1.0.0 | 17.33 | 46.41 | 63.74 | NOTE | |
r-devel-linux-x86_64-fedora-clang | 1.0.0 | 124.97 | NOTE | |||
r-devel-linux-x86_64-fedora-gcc | 1.0.0 | 109.98 | NOTE | |||
r-devel-windows-x86_64 | 1.0.0 | 24.00 | 69.00 | 93.00 | NOTE | |
r-patched-linux-x86_64 | 1.0.0 | 19.94 | 59.59 | 79.53 | OK | |
r-release-linux-x86_64 | 1.0.0 | 20.75 | 60.32 | 81.07 | OK | |
r-release-macos-arm64 | 1.0.0 | 37.00 | OK | |||
r-release-macos-x86_64 | 1.0.0 | 51.00 | OK | |||
r-release-windows-x86_64 | 1.0.0 | 24.00 | 73.00 | 97.00 | OK | |
r-oldrel-macos-arm64 | 1.0.0 | 42.00 | OK | |||
r-oldrel-macos-x86_64 | 1.0.0 | 87.00 | OK | |||
r-oldrel-windows-x86_64 | 1.0.0 | 27.00 | 102.00 | 129.00 | OK |
Version: 1.0.0
Check: compiled code
Result: NOTE
File ‘supercells/libs/supercells.so’:
Found non-API calls to R: ‘SETLENGTH’, ‘SET_GROWABLE_BIT’,
‘SET_TRUELENGTH’
Compiled code should not call non-API entry points in R.
See ‘Writing portable packages’ in the ‘Writing R Extensions’ manual.
Flavors: r-devel-linux-x86_64-debian-clang, r-devel-linux-x86_64-fedora-clang, r-devel-linux-x86_64-fedora-gcc
Version: 1.0.0
Check: compiled code
Result: NOTE
File ‘supercells/libs/supercells.so’:
Found non-API calls to R: ‘SETLENGTH’, ‘SET_GROWABLE_BIT’,
‘SET_TRUELENGTH’
Compiled code should not call non-API entry points in R.
See ‘Writing portable packages’ in the ‘Writing R Extensions’ manual.
See section ‘Moving into C API compliance’ in the ‘Writing R
Extensions’ manual for issues with use of non-API entry points.
Flavor: r-devel-linux-x86_64-debian-gcc
Version: 1.0.0
Check: compiled code
Result: NOTE
File 'supercells/libs/x64/supercells.dll':
Found non-API calls to R: 'SETLENGTH', 'SET_GROWABLE_BIT',
'SET_TRUELENGTH'
Compiled code should not call non-API entry points in R.
See 'Writing portable packages' in the 'Writing R Extensions' manual.
Flavor: r-devel-windows-x86_64