Last updated on 2024-06-21 15:53:04 CEST.
Flavor | Version | Tinstall | Tcheck | Ttotal | Status | Flags |
---|---|---|---|---|---|---|
r-devel-linux-x86_64-debian-clang | 1.5-3 | 11.85 | 103.59 | 115.44 | NOTE | |
r-devel-linux-x86_64-debian-gcc | 1.5-3 | 8.88 | 72.34 | 81.22 | NOTE | |
r-devel-linux-x86_64-fedora-clang | 1.5-3 | 143.27 | NOTE | |||
r-devel-linux-x86_64-fedora-gcc | 1.5-3 | 144.78 | NOTE | |||
r-devel-windows-x86_64 | 1.5-3 | 12.00 | 118.00 | 130.00 | NOTE | |
r-patched-linux-x86_64 | 1.5-3 | 12.57 | 98.16 | 110.73 | NOTE | |
r-release-linux-x86_64 | 1.5-3 | 11.09 | 97.88 | 108.97 | NOTE | |
r-release-macos-arm64 | 1.5-3 | 43.00 | NOTE | |||
r-release-macos-x86_64 | 1.5-3 | 75.00 | NOTE | |||
r-release-windows-x86_64 | 1.5-3 | 11.00 | 121.00 | 132.00 | NOTE | |
r-oldrel-macos-arm64 | 1.5-3 | 49.00 | NOTE | |||
r-oldrel-macos-x86_64 | 1.5-3 | 79.00 | NOTE | |||
r-oldrel-windows-x86_64 | 1.5-3 | 14.00 | 134.00 | 148.00 | NOTE |
Version: 1.5-3
Check: R code for possible problems
Result: NOTE
efpFunctional: multiple local function definitions for ‘plotProcess’
with different formal arguments
mefp.efp: multiple local function definitions for ‘computeEmpProc’ with
different formal arguments
Flavors: r-devel-linux-x86_64-debian-clang, r-devel-linux-x86_64-debian-gcc, r-devel-linux-x86_64-fedora-clang, r-devel-linux-x86_64-fedora-gcc, r-devel-windows-x86_64, r-patched-linux-x86_64, r-release-linux-x86_64, r-release-macos-arm64, r-release-macos-x86_64, r-release-windows-x86_64, r-oldrel-macos-arm64, r-oldrel-macos-x86_64, r-oldrel-windows-x86_64