Last updated on 2024-07-13 11:49:28 CEST.
Flavor | Version | Tinstall | Tcheck | Ttotal | Status | Flags |
---|---|---|---|---|---|---|
r-devel-linux-x86_64-debian-clang | 1.8.4 | 201.16 | 70.98 | 272.14 | NOTE | |
r-devel-linux-x86_64-debian-gcc | 1.8.4 | 111.94 | 54.13 | 166.07 | NOTE | |
r-devel-linux-x86_64-fedora-clang | 1.8.4 | 482.64 | NOTE | |||
r-devel-linux-x86_64-fedora-gcc | 1.8.4 | 370.62 | NOTE | |||
r-devel-windows-x86_64 | 1.8.4 | 818.00 | 145.00 | 963.00 | NOTE | |
r-patched-linux-x86_64 | 1.8.4 | 157.35 | 69.50 | 226.85 | OK | |
r-release-linux-x86_64 | 1.8.4 | 155.08 | 69.60 | 224.68 | OK | |
r-release-macos-arm64 | 1.8.4 | 97.00 | NOTE | |||
r-release-macos-x86_64 | 1.8.4 | 92.00 | NOTE | |||
r-release-windows-x86_64 | 1.8.4 | 589.00 | 156.00 | 745.00 | NOTE | |
r-oldrel-macos-arm64 | 1.8.4 | 111.00 | NOTE | |||
r-oldrel-macos-x86_64 | 1.8.4 | 183.00 | NOTE | |||
r-oldrel-windows-x86_64 | 1.8.4 | 676.00 | 169.00 | 845.00 | NOTE |
Version: 1.8.4
Check: compiled code
Result: NOTE
File ‘stringi/libs/stringi.so’:
Found non-API calls to R: ‘LEVELS’, ‘NAMED’
Compiled code should not call non-API entry points in R.
See ‘Writing portable packages’ in the ‘Writing R Extensions’ manual,
and section ‘Moving into C API compliance’ for issues with the use of
non-API entry points.
Flavors: r-devel-linux-x86_64-debian-clang, r-devel-linux-x86_64-debian-gcc, r-devel-linux-x86_64-fedora-clang, r-devel-linux-x86_64-fedora-gcc
Version: 1.8.4
Check: installed package size
Result: NOTE
installed size is 34.1Mb
sub-directories of 1Mb or more:
libs 33.2Mb
Flavors: r-devel-windows-x86_64, r-release-macos-arm64, r-release-macos-x86_64, r-release-windows-x86_64, r-oldrel-macos-arm64, r-oldrel-macos-x86_64, r-oldrel-windows-x86_64
Version: 1.8.4
Check: compiled code
Result: NOTE
File 'stringi/libs/x64/stringi.dll':
Found non-API calls to R: 'LEVELS', 'NAMED'
Compiled code should not call non-API entry points in R.
See 'Writing portable packages' in the 'Writing R Extensions' manual,
and section 'Moving into C API compliance' for issues with the use of
non-API entry points.
Flavor: r-devel-windows-x86_64