Last updated on 2024-07-13 11:49:28 CEST.
Flavor | Version | Tinstall | Tcheck | Ttotal | Status | Flags |
---|---|---|---|---|---|---|
r-devel-linux-x86_64-debian-clang | 0.1.7 | 106.26 | 25.98 | 132.24 | OK | |
r-devel-linux-x86_64-debian-gcc | 0.1.7 | 84.35 | 19.59 | 103.94 | OK | |
r-devel-linux-x86_64-fedora-clang | 0.1.7 | 218.16 | OK | |||
r-devel-linux-x86_64-fedora-gcc | 0.1.7 | 210.70 | OK | |||
r-devel-windows-x86_64 | 0.1.7 | 111.00 | 54.00 | 165.00 | OK | |
r-patched-linux-x86_64 | 0.1.7 | 106.32 | 24.44 | 130.76 | OK | |
r-release-linux-x86_64 | 0.1.7 | 115.56 | 24.60 | 140.16 | OK | |
r-release-macos-arm64 | 0.1.7 | 53.00 | NOTE | |||
r-release-macos-x86_64 | 0.1.7 | 54.00 | NOTE | |||
r-release-windows-x86_64 | 0.1.7 | 117.00 | 64.00 | 181.00 | OK | |
r-oldrel-macos-arm64 | 0.1.7 | 56.00 | NOTE | |||
r-oldrel-macos-x86_64 | 0.1.7 | 59.00 | NOTE | |||
r-oldrel-windows-x86_64 | 0.1.7 | 141.00 | 70.00 | 211.00 | OK |
Version: 0.1.7
Check: installed package size
Result: NOTE
installed size is 7.4Mb
sub-directories of 1Mb or more:
libs 7.3Mb
Flavors: r-release-macos-arm64, r-release-macos-x86_64, r-oldrel-macos-arm64, r-oldrel-macos-x86_64